{"id":11694,"date":"2019-09-11T23:04:31","date_gmt":"2019-09-11T20:04:31","guid":{"rendered":"http:\/\/sarimelekler.biz\/wp-content\/uploads\/2019\/09\/13-1-Milli-2-gulce-2018-CEV-U17-Avrupa-Voleybol-\u015eamp-en-ilyi-libero.jpg"},"modified":"2019-09-11T23:18:33","modified_gmt":"2019-09-11T20:18:33","slug":"13-1-milli-2-gulce-2018-cev-u17-avrupa-voleybol-samp-en-ilyi-libero","status":"inherit","type":"attachment","link":"https:\/\/sarimelekler.biz\/?attachment_id=11694","title":{"rendered":"G\u00fclce G\u00fc\u00e7tekin Bireysel \u00d6d\u00fcl &#8220;En \u0130yi Libero&#8221; 2018"},"author":1,"featured_media":0,"comment_status":"closed","ping_status":"closed","template":"","meta":{"jetpack_post_was_ever_published":false},"class_list":["post-11694","attachment","type-attachment","status-inherit","hentry"],"jetpack_sharing_enabled":true,"jetpack_shortlink":"https:\/\/wp.me\/a8npUZ-32C","description":{"rendered":"<p class=\"attachment\"><a href='https:\/\/sarimelekler.biz\/wp-content\/uploads\/2019\/09\/13-1-Milli-2-gulce-2018-CEV-U17-Avrupa-Voleybol-\u015eamp-en-ilyi-libero.jpg'><img loading=\"lazy\" decoding=\"async\" width=\"258\" height=\"300\" src=\"https:\/\/sarimelekler.biz\/wp-content\/uploads\/2019\/09\/13-1-Milli-2-gulce-2018-CEV-U17-Avrupa-Voleybol-\u015eamp-en-ilyi-libero-258x300.jpg\" class=\"attachment-medium size-medium\" alt=\"\" srcset=\"https:\/\/sarimelekler.biz\/wp-content\/uploads\/2019\/09\/13-1-Milli-2-gulce-2018-CEV-U17-Avrupa-Voleybol-\u015eamp-en-ilyi-libero-258x300.jpg 258w, https:\/\/sarimelekler.biz\/wp-content\/uploads\/2019\/09\/13-1-Milli-2-gulce-2018-CEV-U17-Avrupa-Voleybol-\u015eamp-en-ilyi-libero-129x150.jpg 129w, https:\/\/sarimelekler.biz\/wp-content\/uploads\/2019\/09\/13-1-Milli-2-gulce-2018-CEV-U17-Avrupa-Voleybol-\u015eamp-en-ilyi-libero.jpg 538w\" sizes=\"auto, (max-width: 258px) 100vw, 258px\" data-attachment-id=\"11694\" data-permalink=\"https:\/\/sarimelekler.biz\/?attachment_id=11694\" data-orig-file=\"https:\/\/sarimelekler.biz\/wp-content\/uploads\/2019\/09\/13-1-Milli-2-gulce-2018-CEV-U17-Avrupa-Voleybol-\u015eamp-en-ilyi-libero.jpg\" data-orig-size=\"538,626\" data-comments-opened=\"0\" data-image-meta=\"{&quot;aperture&quot;:&quot;0&quot;,&quot;credit&quot;:&quot;&quot;,&quot;camera&quot;:&quot;&quot;,&quot;caption&quot;:&quot;&quot;,&quot;created_timestamp&quot;:&quot;0&quot;,&quot;copyright&quot;:&quot;&quot;,&quot;focal_length&quot;:&quot;0&quot;,&quot;iso&quot;:&quot;0&quot;,&quot;shutter_speed&quot;:&quot;0&quot;,&quot;title&quot;:&quot;&quot;,&quot;orientation&quot;:&quot;0&quot;}\" data-image-title=\"G\u00fclce G\u00fc\u00e7tekin Bireysel \u00d6d\u00fcl &amp;#8220;En \u0130yi Libero&amp;#8221; 2018\" data-image-description=\"\" data-image-caption=\"\" data-large-file=\"https:\/\/sarimelekler.biz\/wp-content\/uploads\/2019\/09\/13-1-Milli-2-gulce-2018-CEV-U17-Avrupa-Voleybol-\u015eamp-en-ilyi-libero.jpg\" \/><\/a><\/p>\n"},"caption":{"rendered":""},"alt_text":"","media_type":"image","mime_type":"image\/jpeg","media_details":{"width":538,"height":626,"file":"2019\/09\/13-1-Milli-2-gulce-2018-CEV-U17-Avrupa-Voleybol-\u015eamp-en-ilyi-libero.jpg","sizes":{"thumbnail":{"file":"13-1-Milli-2-gulce-2018-CEV-U17-Avrupa-Voleybol-\u015eamp-en-ilyi-libero-150x150.jpg","width":150,"height":150,"mime_type":"image\/jpeg","source_url":"https:\/\/sarimelekler.biz\/wp-content\/uploads\/2019\/09\/13-1-Milli-2-gulce-2018-CEV-U17-Avrupa-Voleybol-\u015eamp-en-ilyi-libero-150x150.jpg"},"medium":{"file":"13-1-Milli-2-gulce-2018-CEV-U17-Avrupa-Voleybol-\u015eamp-en-ilyi-libero-258x300.jpg","width":258,"height":300,"mime_type":"image\/jpeg","source_url":"https:\/\/sarimelekler.biz\/wp-content\/uploads\/2019\/09\/13-1-Milli-2-gulce-2018-CEV-U17-Avrupa-Voleybol-\u015eamp-en-ilyi-libero-258x300.jpg"},"custom":{"file":"13-1-Milli-2-gulce-2018-CEV-U17-Avrupa-Voleybol-\u015eamp-en-ilyi-libero-129x150.jpg","width":129,"height":150,"mime_type":"image\/jpeg","source_url":"https:\/\/sarimelekler.biz\/wp-content\/uploads\/2019\/09\/13-1-Milli-2-gulce-2018-CEV-U17-Avrupa-Voleybol-\u015eamp-en-ilyi-libero-129x150.jpg"},"post-thumbnail":{"file":"13-1-Milli-2-gulce-2018-CEV-U17-Avrupa-Voleybol-\u015eamp-en-ilyi-libero-129x150.jpg","width":129,"height":150,"mime_type":"image\/jpeg","source_url":"https:\/\/sarimelekler.biz\/wp-content\/uploads\/2019\/09\/13-1-Milli-2-gulce-2018-CEV-U17-Avrupa-Voleybol-\u015eamp-en-ilyi-libero-129x150.jpg"},"header":{"file":"13-1-Milli-2-gulce-2018-CEV-U17-Avrupa-Voleybol-\u015eamp-en-ilyi-libero-538x75.jpg","width":538,"height":75,"mime_type":"image\/jpeg","source_url":"https:\/\/sarimelekler.biz\/wp-content\/uploads\/2019\/09\/13-1-Milli-2-gulce-2018-CEV-U17-Avrupa-Voleybol-\u015eamp-en-ilyi-libero-538x75.jpg"},"slider":{"file":"13-1-Milli-2-gulce-2018-CEV-U17-Avrupa-Voleybol-\u015eamp-en-ilyi-libero-538x450.jpg","width":538,"height":450,"mime_type":"image\/jpeg","source_url":"https:\/\/sarimelekler.biz\/wp-content\/uploads\/2019\/09\/13-1-Milli-2-gulce-2018-CEV-U17-Avrupa-Voleybol-\u015eamp-en-ilyi-libero-538x450.jpg"},"full":{"file":"13-1-Milli-2-gulce-2018-CEV-U17-Avrupa-Voleybol-\u015eamp-en-ilyi-libero.jpg","width":538,"height":626,"mime_type":"image\/jpeg","source_url":"https:\/\/sarimelekler.biz\/wp-content\/uploads\/2019\/09\/13-1-Milli-2-gulce-2018-CEV-U17-Avrupa-Voleybol-\u015eamp-en-ilyi-libero.jpg"}},"image_meta":{"aperture":"0","credit":"","camera":"","caption":"","created_timestamp":"0","copyright":"","focal_length":"0","iso":"0","shutter_speed":"0","title":"","orientation":"0","keywords":[]}},"post":11637,"source_url":"https:\/\/sarimelekler.biz\/wp-content\/uploads\/2019\/09\/13-1-Milli-2-gulce-2018-CEV-U17-Avrupa-Voleybol-\u015eamp-en-ilyi-libero.jpg","_links":{"self":[{"href":"https:\/\/sarimelekler.biz\/index.php?rest_route=\/wp\/v2\/media\/11694","targetHints":{"allow":["GET"]}}],"collection":[{"href":"https:\/\/sarimelekler.biz\/index.php?rest_route=\/wp\/v2\/media"}],"about":[{"href":"https:\/\/sarimelekler.biz\/index.php?rest_route=\/wp\/v2\/types\/attachment"}],"author":[{"embeddable":true,"href":"https:\/\/sarimelekler.biz\/index.php?rest_route=\/wp\/v2\/users\/1"}],"replies":[{"embeddable":true,"href":"https:\/\/sarimelekler.biz\/index.php?rest_route=%2Fwp%2Fv2%2Fcomments&post=11694"}],"wp:attached-to":[{"embeddable":true,"post_type":"post","id":11637,"href":"https:\/\/sarimelekler.biz\/index.php?rest_route=\/wp\/v2\/posts\/11637"}],"curies":[{"name":"wp","href":"https:\/\/api.w.org\/{rel}","templated":true}]}}

http://sarimelekler.biz/wp-content/uploads/2019/09/13-1-Milli-2-gulce-2018-CEV-U17-Avrupa-Voleybol-Şamp-en-ilyi-libero.jpg

Gülce Güçtekin Bireysel Ödül &#8220;En İyi Libero&#8221; 2018

<p class="attachment"><a href='https://sarimelekler.biz/wp-content/uploads/2019/09/13-1-Milli-2-gulce-2018-CEV-U17-Avrupa-Voleybol-Şamp-en-ilyi-libero.jpg'><img loading="lazy" decoding="async" width="258" height="300" src="https://sarimelekler.biz/wp-content/uploads/2019/09/13-1-Milli-2-gulce-2018-CEV-U17-Avrupa-Voleybol-Şamp-en-ilyi-libero-258x300.jpg" class="attachment-medium size-medium" alt="" srcset="https://sarimelekler.biz/wp-content/uploads/2019/09/13-1-Milli-2-gulce-2018-CEV-U17-Avrupa-Voleybol-Şamp-en-ilyi-libero-258x300.jpg 258w, https://sarimelekler.biz/wp-content/uploads/2019/09/13-1-Milli-2-gulce-2018-CEV-U17-Avrupa-Voleybol-Şamp-en-ilyi-libero-129x150.jpg 129w, https://sarimelekler.biz/wp-content/uploads/2019/09/13-1-Milli-2-gulce-2018-CEV-U17-Avrupa-Voleybol-Şamp-en-ilyi-libero.jpg 538w" sizes="auto, (max-width: 258px) 100vw, 258px" data-attachment-id="11694" data-permalink="https://sarimelekler.biz/?attachment_id=11694" data-orig-file="https://sarimelekler.biz/wp-content/uploads/2019/09/13-1-Milli-2-gulce-2018-CEV-U17-Avrupa-Voleybol-Şamp-en-ilyi-libero.jpg" data-orig-size="538,626" data-comments-opened="0" data-image-meta="{&quot;aperture&quot;:&quot;0&quot;,&quot;credit&quot;:&quot;&quot;,&quot;camera&quot;:&quot;&quot;,&quot;caption&quot;:&quot;&quot;,&quot;created_timestamp&quot;:&quot;0&quot;,&quot;copyright&quot;:&quot;&quot;,&quot;focal_length&quot;:&quot;0&quot;,&quot;iso&quot;:&quot;0&quot;,&quot;shutter_speed&quot;:&quot;0&quot;,&quot;title&quot;:&quot;&quot;,&quot;orientation&quot;:&quot;0&quot;}" data-image-title="Gülce Güçtekin Bireysel Ödül &amp;#8220;En İyi Libero&amp;#8221; 2018" data-image-description="" data-image-caption="" data-large-file="https://sarimelekler.biz/wp-content/uploads/2019/09/13-1-Milli-2-gulce-2018-CEV-U17-Avrupa-Voleybol-Şamp-en-ilyi-libero.jpg" /></a></p>

2019/09/13-1-Milli-2-gulce-2018-CEV-U17-Avrupa-Voleybol-Şamp-en-ilyi-libero.jpg

13-1-Milli-2-gulce-2018-CEV-U17-Avrupa-Voleybol-Şamp-en-ilyi-libero-150x150.jpg

https://sarimelekler.biz/wp-content/uploads/2019/09/13-1-Milli-2-gulce-2018-CEV-U17-Avrupa-Voleybol-Şamp-en-ilyi-libero-150x150.jpg

13-1-Milli-2-gulce-2018-CEV-U17-Avrupa-Voleybol-Şamp-en-ilyi-libero-258x300.jpg

https://sarimelekler.biz/wp-content/uploads/2019/09/13-1-Milli-2-gulce-2018-CEV-U17-Avrupa-Voleybol-Şamp-en-ilyi-libero-258x300.jpg

13-1-Milli-2-gulce-2018-CEV-U17-Avrupa-Voleybol-Şamp-en-ilyi-libero-129x150.jpg

https://sarimelekler.biz/wp-content/uploads/2019/09/13-1-Milli-2-gulce-2018-CEV-U17-Avrupa-Voleybol-Şamp-en-ilyi-libero-129x150.jpg

13-1-Milli-2-gulce-2018-CEV-U17-Avrupa-Voleybol-Şamp-en-ilyi-libero-538x75.jpg

https://sarimelekler.biz/wp-content/uploads/2019/09/13-1-Milli-2-gulce-2018-CEV-U17-Avrupa-Voleybol-Şamp-en-ilyi-libero-538x75.jpg

13-1-Milli-2-gulce-2018-CEV-U17-Avrupa-Voleybol-Şamp-en-ilyi-libero-538x450.jpg

https://sarimelekler.biz/wp-content/uploads/2019/09/13-1-Milli-2-gulce-2018-CEV-U17-Avrupa-Voleybol-Şamp-en-ilyi-libero-538x450.jpg

13-1-Milli-2-gulce-2018-CEV-U17-Avrupa-Voleybol-Şamp-en-ilyi-libero.jpg

https://sarimelekler.biz/wp-content/uploads/2019/09/13-1-Milli-2-gulce-2018-CEV-U17-Avrupa-Voleybol-Şamp-en-ilyi-libero.jpg
