{"id":2249,"date":"2017-02-10T01:34:57","date_gmt":"2017-02-09T23:34:57","guid":{"rendered":"http:\/\/sarimelekler.biz\/wp-content\/uploads\/2017\/02\/11-Ezgi-Dilik-2.jpg"},"modified":"2017-02-10T16:54:50","modified_gmt":"2017-02-10T14:54:50","slug":"11-ezgi-dilik-3","status":"inherit","type":"attachment","link":"https:\/\/sarimelekler.biz\/?attachment_id=2249","title":{"rendered":"11 &#8211; Ezgi Dilik"},"author":1,"featured_media":0,"comment_status":"closed","ping_status":"closed","template":"","meta":{"jetpack_post_was_ever_published":false},"class_list":["post-2249","attachment","type-attachment","status-inherit","hentry"],"jetpack_sharing_enabled":true,"jetpack_shortlink":"https:\/\/wp.me\/a8npUZ-Ah","description":{"rendered":"<p class=\"attachment\"><a href='https:\/\/sarimelekler.biz\/wp-content\/uploads\/2017\/02\/11-Ezgi-Dilik-2.jpg'><img loading=\"lazy\" decoding=\"async\" width=\"193\" height=\"300\" src=\"https:\/\/sarimelekler.biz\/wp-content\/uploads\/2017\/02\/11-Ezgi-Dilik-2-193x300.jpg\" class=\"attachment-medium size-medium\" alt=\"\" srcset=\"https:\/\/sarimelekler.biz\/wp-content\/uploads\/2017\/02\/11-Ezgi-Dilik-2-193x300.jpg 193w, https:\/\/sarimelekler.biz\/wp-content\/uploads\/2017\/02\/11-Ezgi-Dilik-2-768x1195.jpg 768w, https:\/\/sarimelekler.biz\/wp-content\/uploads\/2017\/02\/11-Ezgi-Dilik-2-658x1024.jpg 658w, https:\/\/sarimelekler.biz\/wp-content\/uploads\/2017\/02\/11-Ezgi-Dilik-2-96x150.jpg 96w, https:\/\/sarimelekler.biz\/wp-content\/uploads\/2017\/02\/11-Ezgi-Dilik-2.jpg 1800w\" sizes=\"auto, (max-width: 193px) 100vw, 193px\" data-attachment-id=\"2249\" data-permalink=\"https:\/\/sarimelekler.biz\/?attachment_id=2249\" data-orig-file=\"https:\/\/sarimelekler.biz\/wp-content\/uploads\/2017\/02\/11-Ezgi-Dilik-2.jpg\" data-orig-size=\"1800,2800\" data-comments-opened=\"0\" data-image-meta=\"{&quot;aperture&quot;:&quot;3.2&quot;,&quot;credit&quot;:&quot;&quot;,&quot;camera&quot;:&quot;Canon EOS-1D Mark IV&quot;,&quot;caption&quot;:&quot;&quot;,&quot;created_timestamp&quot;:&quot;1476807076&quot;,&quot;copyright&quot;:&quot;&quot;,&quot;focal_length&quot;:&quot;70&quot;,&quot;iso&quot;:&quot;500&quot;,&quot;shutter_speed&quot;:&quot;0.005&quot;,&quot;title&quot;:&quot;&quot;,&quot;orientation&quot;:&quot;1&quot;}\" data-image-title=\"11 &amp;#8211; Ezgi Dilik\" data-image-description=\"&lt;p&gt;Oyuncunun ad\u0131: &lt;strong&gt;Ezgi Dilik&lt;\/strong&gt;&lt;br \/&gt;\nDo\u011fum tarihi: 12.06.1995&lt;br \/&gt;\nDo\u011fum Yeri: Antalya&lt;br \/&gt;\nBoyu: 178 cm&lt;br \/&gt;\nKilosu: 72&lt;br \/&gt;\nMevkii: Pas\u00f6r&lt;br \/&gt;\nForma Numaras\u0131: 11&lt;br \/&gt;\nFenerbah\u00e7e\u2019ye Geli\u015f Tarihi: 2009&lt;br \/&gt;\nSosyal Medya Hesaplar\u0131:&lt;br \/&gt;\n&lt;a href=&quot;http:\/\/www.facebook.com\/ezgi.dilik&quot; target=&quot;_blank&quot;&gt;Facebook&lt;\/a&gt;&lt;br \/&gt;\n&lt;a href=&quot;http:\/\/twitter.com\/EzgiDilik&quot; target=&quot;_blank&quot;&gt;Twitter&lt;\/a&gt;&lt;br \/&gt;\n&lt;a href=&quot;http:\/\/instagram.com\/ezgidilik&quot; target=&quot;_blank&quot;&gt;\u0130nstagram &lt;\/a&gt;&lt;\/p&gt;\n&lt;p&gt;Daha \u00d6nce Oynad\u0131\u011f\u0131 Tak\u0131mlar:&lt;br \/&gt;\nEczac\u0131ba\u015f\u0131 Vitra: 2007 \u2013 2008&lt;br \/&gt;\nVak\u0131fbank: 2008 \u2013 2009&lt;br \/&gt;\nFenerbah\u00e7e: 2009 \u2013 2012&lt;br \/&gt;\nSar\u0131yer: 2012 \u2013 2014 (Kiral\u0131k)&lt;\/p&gt;\n&lt;p&gt;Ba\u015far\u0131lar\u0131:&lt;br \/&gt;\nKul\u00fcp:&lt;br \/&gt;\n&lt;strong&gt;Fenerbah\u00e7e:&lt;\/strong&gt;&lt;br \/&gt;\n2011 \u2013 T\u00fcrkiye S\u00fcper Kupa G\u00fcm\u00fc\u015f Madalya&lt;br \/&gt;\n2014 \u2013 T\u00fcrkiye S\u00fcper Kupas\u0131 G\u00fcm\u00fc\u015f Madalya&lt;br \/&gt;\n2014 \u2013 2015 T\u00fcrkiye Kupas\u0131 \u015eampiyonlu\u011fu&lt;br \/&gt;\n2014 \u2013 2015 T\u00fcrkiye Ligi \u015eampiyonlu\u011fu&lt;br \/&gt;\n2015 \u2013 T\u00fcrkiye S\u00fcper Kupas\u0131 \u015eampiyonlu\u011fu&lt;br \/&gt;\n2015 \u2013 2016 \u015eampiyonlar Ligi Bronz Madalya&lt;br \/&gt;\n2015 \u2013 2016 T\u00fcrkiye G\u00fcm\u00fc\u015f Madalya&lt;br \/&gt;\n2016 \u2013 2017 T\u00fcrkiye Kupas\u0131 \u015eampiyonlu\u011fu&lt;\/p&gt;\n&lt;p&gt;Milli Tak\u0131m:&lt;br \/&gt;\n2014 CEV Bayanlar Avrupa Ligi \u015eampiyonlu\u011fu&lt;br \/&gt;\n2015 CEV Bayanlar Avrupa Ligi G\u00fcm\u00fc\u015f Madalya&lt;br \/&gt;\n2015 FIVB U23 D\u00fcnya \u015eampiyonas\u0131 G\u00fcm\u00fc\u015f Madalya&lt;\/p&gt;\n\" data-image-caption=\"&lt;p&gt;11 &amp;#8211; Ezgi Dilik&lt;\/p&gt;\n\" data-large-file=\"https:\/\/sarimelekler.biz\/wp-content\/uploads\/2017\/02\/11-Ezgi-Dilik-2-658x1024.jpg\" \/><\/a><\/p>\n<p>Oyuncunun ad\u0131: <strong>Ezgi Dilik<\/strong><br \/>\nDo\u011fum tarihi: 12.06.1995<br \/>\nDo\u011fum Yeri: Antalya<br \/>\nBoyu: 178 cm<br \/>\nKilosu: 72<br \/>\nMevkii: Pas\u00f6r<br \/>\nForma Numaras\u0131: 11<br \/>\nFenerbah\u00e7e\u2019ye Geli\u015f Tarihi: 2009<br \/>\nSosyal Medya Hesaplar\u0131:<br \/>\n<a href=\"http:\/\/www.facebook.com\/ezgi.dilik\" target=\"_blank\">Facebook<\/a><br \/>\n<a href=\"http:\/\/twitter.com\/EzgiDilik\" target=\"_blank\">Twitter<\/a><br \/>\n<a href=\"http:\/\/instagram.com\/ezgidilik\" target=\"_blank\">\u0130nstagram <\/a><\/p>\n<p>Daha \u00d6nce Oynad\u0131\u011f\u0131 Tak\u0131mlar:<br \/>\nEczac\u0131ba\u015f\u0131 Vitra: 2007 \u2013 2008<br \/>\nVak\u0131fbank: 2008 \u2013 2009<br \/>\nFenerbah\u00e7e: 2009 \u2013 2012<br \/>\nSar\u0131yer: 2012 \u2013 2014 (Kiral\u0131k)<\/p>\n<p>Ba\u015far\u0131lar\u0131:<br \/>\nKul\u00fcp:<br \/>\n<strong>Fenerbah\u00e7e:<\/strong><br \/>\n2011 \u2013 T\u00fcrkiye S\u00fcper Kupa G\u00fcm\u00fc\u015f Madalya<br \/>\n2014 \u2013 T\u00fcrkiye S\u00fcper Kupas\u0131 G\u00fcm\u00fc\u015f Madalya<br \/>\n2014 \u2013 2015 T\u00fcrkiye Kupas\u0131 \u015eampiyonlu\u011fu<br \/>\n2014 \u2013 2015 T\u00fcrkiye Ligi \u015eampiyonlu\u011fu<br \/>\n2015 \u2013 T\u00fcrkiye S\u00fcper Kupas\u0131 \u015eampiyonlu\u011fu<br \/>\n2015 \u2013 2016 \u015eampiyonlar Ligi Bronz Madalya<br \/>\n2015 \u2013 2016 T\u00fcrkiye G\u00fcm\u00fc\u015f Madalya<br \/>\n2016 \u2013 2017 T\u00fcrkiye Kupas\u0131 \u015eampiyonlu\u011fu<\/p>\n<p>Milli Tak\u0131m:<br \/>\n2014 CEV Bayanlar Avrupa Ligi \u015eampiyonlu\u011fu<br \/>\n2015 CEV Bayanlar Avrupa Ligi G\u00fcm\u00fc\u015f Madalya<br \/>\n2015 FIVB U23 D\u00fcnya \u015eampiyonas\u0131 G\u00fcm\u00fc\u015f Madalya<\/p>\n"},"caption":{"rendered":"<p>11 &#8211; Ezgi Dilik <a class=\"continue-reading-link\" href=\"https:\/\/sarimelekler.biz\/?attachment_id=2249\">Okumaya Devam Et.. <span class=\"meta-nav\">&rarr; <\/span><\/a><\/p>\n"},"alt_text":"","media_type":"image","mime_type":"image\/jpeg","media_details":{"width":1800,"height":2800,"file":"2017\/02\/11-Ezgi-Dilik-2.jpg","sizes":{"thumbnail":{"file":"11-Ezgi-Dilik-2-150x150.jpg","width":150,"height":150,"mime_type":"image\/jpeg","source_url":"https:\/\/sarimelekler.biz\/wp-content\/uploads\/2017\/02\/11-Ezgi-Dilik-2-150x150.jpg"},"medium":{"file":"11-Ezgi-Dilik-2-193x300.jpg","width":193,"height":300,"mime_type":"image\/jpeg","source_url":"https:\/\/sarimelekler.biz\/wp-content\/uploads\/2017\/02\/11-Ezgi-Dilik-2-193x300.jpg"},"medium_large":{"file":"11-Ezgi-Dilik-2-768x1195.jpg","width":768,"height":1195,"mime_type":"image\/jpeg","source_url":"https:\/\/sarimelekler.biz\/wp-content\/uploads\/2017\/02\/11-Ezgi-Dilik-2-768x1195.jpg"},"large":{"file":"11-Ezgi-Dilik-2-658x1024.jpg","width":658,"height":1024,"mime_type":"image\/jpeg","source_url":"https:\/\/sarimelekler.biz\/wp-content\/uploads\/2017\/02\/11-Ezgi-Dilik-2-658x1024.jpg"},"custom":{"file":"11-Ezgi-Dilik-2-96x150.jpg","width":96,"height":150,"mime_type":"image\/jpeg","source_url":"https:\/\/sarimelekler.biz\/wp-content\/uploads\/2017\/02\/11-Ezgi-Dilik-2-96x150.jpg"},"post-thumbnail":{"file":"11-Ezgi-Dilik-2-96x150.jpg","width":96,"height":150,"mime_type":"image\/jpeg","source_url":"https:\/\/sarimelekler.biz\/wp-content\/uploads\/2017\/02\/11-Ezgi-Dilik-2-96x150.jpg"},"header":{"file":"11-Ezgi-Dilik-2-1100x75.jpg","width":1100,"height":75,"mime_type":"image\/jpeg","source_url":"https:\/\/sarimelekler.biz\/wp-content\/uploads\/2017\/02\/11-Ezgi-Dilik-2-1100x75.jpg"},"slider":{"file":"11-Ezgi-Dilik-2-800x450.jpg","width":800,"height":450,"mime_type":"image\/jpeg","source_url":"https:\/\/sarimelekler.biz\/wp-content\/uploads\/2017\/02\/11-Ezgi-Dilik-2-800x450.jpg"},"full":{"file":"11-Ezgi-Dilik-2.jpg","width":1800,"height":2800,"mime_type":"image\/jpeg","source_url":"https:\/\/sarimelekler.biz\/wp-content\/uploads\/2017\/02\/11-Ezgi-Dilik-2.jpg"}},"image_meta":{"aperture":"3.2","credit":"","camera":"Canon EOS-1D Mark IV","caption":"","created_timestamp":"1476807076","copyright":"","focal_length":"70","iso":"500","shutter_speed":"0.005","title":"","orientation":"1","keywords":[]}},"post":2240,"source_url":"https:\/\/sarimelekler.biz\/wp-content\/uploads\/2017\/02\/11-Ezgi-Dilik-2.jpg","_links":{"self":[{"href":"https:\/\/sarimelekler.biz\/index.php?rest_route=\/wp\/v2\/media\/2249","targetHints":{"allow":["GET"]}}],"collection":[{"href":"https:\/\/sarimelekler.biz\/index.php?rest_route=\/wp\/v2\/media"}],"about":[{"href":"https:\/\/sarimelekler.biz\/index.php?rest_route=\/wp\/v2\/types\/attachment"}],"author":[{"embeddable":true,"href":"https:\/\/sarimelekler.biz\/index.php?rest_route=\/wp\/v2\/users\/1"}],"replies":[{"embeddable":true,"href":"https:\/\/sarimelekler.biz\/index.php?rest_route=%2Fwp%2Fv2%2Fcomments&post=2249"}],"wp:attached-to":[{"embeddable":true,"post_type":"page","id":2240,"href":"https:\/\/sarimelekler.biz\/index.php?rest_route=\/wp\/v2\/pages\/2240"}],"curies":[{"name":"wp","href":"https:\/\/api.w.org\/{rel}","templated":true}]}}

<p class="attachment"><a href='https://sarimelekler.biz/wp-content/uploads/2017/02/11-Ezgi-Dilik-2.jpg'><img loading="lazy" decoding="async" width="193" height="300" src="https://sarimelekler.biz/wp-content/uploads/2017/02/11-Ezgi-Dilik-2-193x300.jpg" class="attachment-medium size-medium" alt="" srcset="https://sarimelekler.biz/wp-content/uploads/2017/02/11-Ezgi-Dilik-2-193x300.jpg 193w, https://sarimelekler.biz/wp-content/uploads/2017/02/11-Ezgi-Dilik-2-768x1195.jpg 768w, https://sarimelekler.biz/wp-content/uploads/2017/02/11-Ezgi-Dilik-2-658x1024.jpg 658w, https://sarimelekler.biz/wp-content/uploads/2017/02/11-Ezgi-Dilik-2-96x150.jpg 96w, https://sarimelekler.biz/wp-content/uploads/2017/02/11-Ezgi-Dilik-2.jpg 1800w" sizes="auto, (max-width: 193px) 100vw, 193px" data-attachment-id="2249" data-permalink="https://sarimelekler.biz/?attachment_id=2249" data-orig-file="https://sarimelekler.biz/wp-content/uploads/2017/02/11-Ezgi-Dilik-2.jpg" data-orig-size="1800,2800" data-comments-opened="0" data-image-meta="{&quot;aperture&quot;:&quot;3.2&quot;,&quot;credit&quot;:&quot;&quot;,&quot;camera&quot;:&quot;Canon EOS-1D Mark IV&quot;,&quot;caption&quot;:&quot;&quot;,&quot;created_timestamp&quot;:&quot;1476807076&quot;,&quot;copyright&quot;:&quot;&quot;,&quot;focal_length&quot;:&quot;70&quot;,&quot;iso&quot;:&quot;500&quot;,&quot;shutter_speed&quot;:&quot;0.005&quot;,&quot;title&quot;:&quot;&quot;,&quot;orientation&quot;:&quot;1&quot;}" data-image-title="11 &amp;#8211; Ezgi Dilik" data-image-description="&lt;p&gt;Oyuncunun adı: &lt;strong&gt;Ezgi Dilik&lt;/strong&gt;&lt;br /&gt;
Doğum tarihi: 12.06.1995&lt;br /&gt;
Doğum Yeri: Antalya&lt;br /&gt;
Boyu: 178 cm&lt;br /&gt;
Kilosu: 72&lt;br /&gt;
Mevkii: Pasör&lt;br /&gt;
Forma Numarası: 11&lt;br /&gt;
Fenerbahçe’ye Geliş Tarihi: 2009&lt;br /&gt;
Sosyal Medya Hesapları:&lt;br /&gt;
&lt;a href=&quot;http://www.facebook.com/ezgi.dilik&quot; target=&quot;_blank&quot;&gt;Facebook&lt;/a&gt;&lt;br /&gt;
&lt;a href=&quot;http://twitter.com/EzgiDilik&quot; target=&quot;_blank&quot;&gt;Twitter&lt;/a&gt;&lt;br /&gt;
&lt;a href=&quot;http://instagram.com/ezgidilik&quot; target=&quot;_blank&quot;&gt;İnstagram &lt;/a&gt;&lt;/p&gt;
&lt;p&gt;Daha Önce Oynadığı Takımlar:&lt;br /&gt;
Eczacıbaşı Vitra: 2007 – 2008&lt;br /&gt;
Vakıfbank: 2008 – 2009&lt;br /&gt;
Fenerbahçe: 2009 – 2012&lt;br /&gt;
Sarıyer: 2012 – 2014 (Kiralık)&lt;/p&gt;
&lt;p&gt;Başarıları:&lt;br /&gt;
Kulüp:&lt;br /&gt;
&lt;strong&gt;Fenerbahçe:&lt;/strong&gt;&lt;br /&gt;
2011 – Türkiye Süper Kupa Gümüş Madalya&lt;br /&gt;
2014 – Türkiye Süper Kupası Gümüş Madalya&lt;br /&gt;
2014 – 2015 Türkiye Kupası Şampiyonluğu&lt;br /&gt;
2014 – 2015 Türkiye Ligi Şampiyonluğu&lt;br /&gt;
2015 – Türkiye Süper Kupası Şampiyonluğu&lt;br /&gt;
2015 – 2016 Şampiyonlar Ligi Bronz Madalya&lt;br /&gt;
2015 – 2016 Türkiye Gümüş Madalya&lt;br /&gt;
2016 – 2017 Türkiye Kupası Şampiyonluğu&lt;/p&gt;
&lt;p&gt;Milli Takım:&lt;br /&gt;
2014 CEV Bayanlar Avrupa Ligi Şampiyonluğu&lt;br /&gt;
2015 CEV Bayanlar Avrupa Ligi Gümüş Madalya&lt;br /&gt;
2015 FIVB U23 Dünya Şampiyonası Gümüş Madalya&lt;/p&gt;
" data-image-caption="&lt;p&gt;11 &amp;#8211; Ezgi Dilik&lt;/p&gt;
" data-large-file="https://sarimelekler.biz/wp-content/uploads/2017/02/11-Ezgi-Dilik-2-658x1024.jpg" /></a></p>
<p>Oyuncunun adı: <strong>Ezgi Dilik</strong><br />
Doğum tarihi: 12.06.1995<br />
Doğum Yeri: Antalya<br />
Boyu: 178 cm<br />
Kilosu: 72<br />
Mevkii: Pasör<br />
Forma Numarası: 11<br />
Fenerbahçe’ye Geliş Tarihi: 2009<br />
Sosyal Medya Hesapları:<br />
<a href="http://www.facebook.com/ezgi.dilik" target="_blank">Facebook</a><br />
<a href="http://twitter.com/EzgiDilik" target="_blank">Twitter</a><br />
<a href="http://instagram.com/ezgidilik" target="_blank">İnstagram </a></p>
<p>Daha Önce Oynadığı Takımlar:<br />
Eczacıbaşı Vitra: 2007 – 2008<br />
Vakıfbank: 2008 – 2009<br />
Fenerbahçe: 2009 – 2012<br />
Sarıyer: 2012 – 2014 (Kiralık)</p>
<p>Başarıları:<br />
Kulüp:<br />
<strong>Fenerbahçe:</strong><br />
2011 – Türkiye Süper Kupa Gümüş Madalya<br />
2014 – Türkiye Süper Kupası Gümüş Madalya<br />
2014 – 2015 Türkiye Kupası Şampiyonluğu<br />
2014 – 2015 Türkiye Ligi Şampiyonluğu<br />
2015 – Türkiye Süper Kupası Şampiyonluğu<br />
2015 – 2016 Şampiyonlar Ligi Bronz Madalya<br />
2015 – 2016 Türkiye Gümüş Madalya<br />
2016 – 2017 Türkiye Kupası Şampiyonluğu</p>
<p>Milli Takım:<br />
2014 CEV Bayanlar Avrupa Ligi Şampiyonluğu<br />
2015 CEV Bayanlar Avrupa Ligi Gümüş Madalya<br />
2015 FIVB U23 Dünya Şampiyonası Gümüş Madalya</p>
