{"id":14421,"date":"2020-11-15T19:47:14","date_gmt":"2020-11-15T16:47:14","guid":{"rendered":"http:\/\/sarimelekler.biz\/?page_id=14421"},"modified":"2021-10-09T00:14:58","modified_gmt":"2021-10-08T21:14:58","slug":"fikstur","status":"publish","type":"page","link":"https:\/\/sarimelekler.biz\/?page_id=14421","title":{"rendered":"Fikst\u00fcr"},"content":{"rendered":"\n<p><span style=\"font-size: 18px;\">Puan Durumu ve Fikst\u00fcr<\/span><br \/><span style=\"font-size: 18px;\"><a href=\"http:\/\/tvf-web.dataproject.com\/CompetitionStandings.aspx?ID=52&amp;PID=98\" target=\"_blank\" rel=\"noopener noreferrer\">TVF<\/a>\u00a0\u2013\u00a0<a href=\"http:\/\/tvf-web.dataproject.com\/CompetitionMatches.aspx?ID=52&amp;PID=98\" target=\"_blank\" rel=\"noopener noreferrer\">TVF<\/a><\/span><\/p>\n<p><span style=\"font-size: 18px;\"><a href=\"https:\/\/sarimelekler.biz\/?cat=25\" target=\"_blank\" rel=\"noopener noreferrer\">Haber Kategorisi T\u00fcm Yaz\u0131lar<\/a><\/span><\/p>\n<p><span style=\"font-size: 18px;\">1.Hafta\u00a0 11.10.2020<\/span><br \/><span style=\"font-size: 18px;\">Fenerbah\u00e7e:3 \u2013 Edremit Belediye Alt\u0131noluk:0<\/span><br \/><span style=\"font-size: 18px;\">25-23, 25-20, 24-26, 25-22<\/span><br \/><span style=\"font-size: 18px;\"><a href=\"https:\/\/sarimelekler.biz\/?p=14050\" target=\"_blank\" rel=\"noopener noreferrer\">Sitemiz Ma\u00e7 Yaz\u0131s\u0131<\/a><\/span><br \/><span style=\"font-size: 18px;\">Ma\u00e7 Videosu: <a href=\"https:\/\/www.youtube.com\/watch?v=WAF8VZ3DYgc\" target=\"_blank\" rel=\"noopener noreferrer\">1<\/a> \u00a0<\/span><\/p>\n<p><span style=\"font-size: 18px;\">2.Hafta 18.10.2020<\/span><br \/><span style=\"font-size: 18px;\">\u00c7anakkale Belediyesi:3 \u2013 Fenerbah\u00e7e:2\u00a0<\/span><br \/><span style=\"font-size: 18px;\">20-25, 23-25, 25-17, 25-23, 15-13<\/span><br \/><span style=\"font-size: 18px;\"><a href=\"https:\/\/sarimelekler.biz\/?p=14135\" target=\"_blank\" rel=\"noopener noreferrer\">Sitemiz Ma\u00e7 Yaz\u0131s\u0131<\/a><\/span><br \/><span style=\"font-size: 18px;\">Video: &#8211;<\/span><\/p>\n<p><span style=\"font-size: 18px;\">3.Hafta\u00a0 25.10.2020<\/span><br \/><span style=\"font-size: 18px;\">Fenerbah\u00e7e:3 \u2013 \u0130zmirspor:2<\/span><br \/><span style=\"font-size: 18px;\">18-25, 25-14, 16-25, 25-20,15-8<\/span><br \/><span style=\"font-size: 18px;\"><a href=\"https:\/\/sarimelekler.biz\/?p=14232\" target=\"_blank\" rel=\"noopener noreferrer\">Sitemiz Ma\u00e7 Yaz\u0131s\u0131<\/a><\/span><br \/><span style=\"font-size: 18px;\">Video: <a href=\"https:\/\/www.youtube.com\/watch?v=phRZ6h_J88U\" target=\"_blank\" rel=\"noopener noreferrer\">1<\/a><\/span><\/p>\n<p><span style=\"font-size: 18px;\">4.Hafta\u00a0 (Ertelendi) 18.11.2020<\/span><br \/><span style=\"font-size: 18px;\">Kar\u015f\u0131yaka:3 \u2013 Fenerbah\u00e7e:1\u00a0<\/span><br \/><span style=\"font-size: 18px;\">28-26, 16-25, 25-12, 25-15<\/span><br \/><span style=\"font-size: 18px;\"><a href=\"https:\/\/sarimelekler.biz\/?p=14621\" target=\"_blank\" rel=\"noopener noreferrer\">Sitemiz Ma\u00e7 Yaz\u0131s\u0131<\/a><\/span><br \/><span style=\"font-size: 18px;\">Video: &#8211;<\/span><\/p>\n<p><span style=\"font-size: 18px;\">5.Hafta\u00a0 08.11.2020<\/span><br \/><span style=\"font-size: 18px;\">\u0130stanbul BBSK:3 \u2013 Fenerbah\u00e7e:0\u00a0<\/span><br \/><span style=\"font-size: 18px;\">25-22, 25-17,25-22<\/span><br \/><span style=\"font-size: 18px;\"><a href=\"https:\/\/sarimelekler.biz\/?p=14357\" target=\"_blank\" rel=\"noopener noreferrer\">Sitemiz Ma\u00e7 Yaz\u0131s\u0131<\/a><\/span><br \/><span style=\"font-size: 18px;\">Video: &#8211;<\/span><\/p>\n<p><span style=\"font-size: 18px;\">6.Hafta\u00a0 15.11.2020<\/span><br \/><span style=\"font-size: 18px;\">Fenerbah\u00e7e:1 \u2013 G\u00f6ztepe:3\u00a0<\/span><br \/><span class=\"css-901oao css-16my406 r-1qd0xha r-ad9z0x r-bcqeeo r-qvutc0\" style=\"font-size: 18px;\">27-25, 24-26, 25-27, 30-32<\/span><br \/><span style=\"font-size: 18px;\"><a href=\"https:\/\/sarimelekler.biz\/?p=14430\" target=\"_blank\" rel=\"noopener noreferrer\">Sitemiz Ma\u00e7 Yaz\u0131s\u0131<\/a><\/span><br \/><span style=\"font-size: 18px;\">Video: <a href=\"https:\/\/www.youtube.com\/watch?v=pq49Mzhokbo\" target=\"_blank\" rel=\"noopener noreferrer\">1<\/a><\/span><\/p>\n<p><span style=\"font-size: 18px;\">7.Hafta\u00a0 20.11.2020<\/span><br \/><span style=\"font-size: 18px;\">\u00d6zel Geli\u015fim Koleji:3 \u2013 Fenerbah\u00e7e:2\u00a0<\/span><br \/><span style=\"font-size: 18px;\">28-26, 20-25, 25-21, 22-25, 16-14<\/span><br \/><span style=\"font-size: 18px;\"><a href=\"https:\/\/sarimelekler.biz\/?p=14480\" target=\"_blank\" rel=\"noopener noreferrer\">Sitemiz Ma\u00e7 Yaz\u0131s\u0131<\/a><\/span><br \/><span style=\"font-size: 18px;\">Video: &#8211;<\/span><\/p>\n<p><span style=\"font-size: 18px;\">8.Hafta\u00a0 28.11.2020<\/span><br \/><span style=\"font-size: 18px;\">Fenerbah\u00e7e:3 \u2013 \u00c7iftlikk\u00f6y Bld.:0<\/span><br \/><span style=\"font-size: 18px;\">25-21, 25-16, 25-21<\/span><br \/><span style=\"font-size: 18px;\"><a href=\"https:\/\/sarimelekler.biz\/?p=14555\" target=\"_blank\" rel=\"noopener noreferrer\">Sitemiz Ma\u00e7 Yaz\u0131s\u0131<\/a><\/span><br \/><span style=\"font-size: 18px;\">Video: <a href=\"https:\/\/www.youtube.com\/watch?v=2KtS0sZNyik\" target=\"_blank\" rel=\"noopener noreferrer\">1<\/a>\u00a0<\/span><\/p>\n<p><span style=\"font-size: 18px;\">9.Hafta\u00a0 26.12.2020<\/span><br \/><span style=\"font-size: 18px;\">M.E. Marmara Akademi:0 \u2013 Fenerbah\u00e7e:3\u00a0<\/span><br \/><span style=\"font-size: 18px;\">9-25, 24-26, 17-25<\/span><br \/><span style=\"font-size: 18px;\"><a href=\"https:\/\/sarimelekler.biz\/?p=14834\" target=\"_blank\" rel=\"noopener noreferrer\">Sitemiz Ma\u00e7 Yaz\u0131s\u0131<\/a><\/span><br \/><span style=\"font-size: 18px;\">Video: <a href=\"https:\/\/www.youtube.com\/watch?v=LNTQsDKU1IQ\" target=\"_blank\" rel=\"noopener noreferrer\">1<\/a><\/span><\/p>\n<p><span style=\"font-size: 18px;\">10.Hafta\u00a0 12.12.2020<\/span><br \/><span style=\"font-size: 18px;\">Fenerbah\u00e7e:0 \u2013 B\u00fcy\u00fck\u00e7ekmece Voleybol Akademi:3<\/span><br \/><span style=\"font-size: 18px;\">19-25, 23-25, 22-25<\/span><br \/><span style=\"font-size: 18px;\"><a href=\"https:\/\/sarimelekler.biz\/?p=14729\" target=\"_blank\" rel=\"noopener noreferrer\">Sitemiz Ma\u00e7 Yaz\u0131s\u0131<\/a><\/span><br \/><span style=\"font-size: 18px;\">Video: <a href=\"https:\/\/www.youtube.com\/watch?v=YTkJZDbhuco\" target=\"_blank\" rel=\"noopener noreferrer\">1<\/a>\u00a0<\/span><\/p>\n<p><span style=\"font-size: 18px;\">11.Hafta\u00a0 19.12.2020<\/span><br \/><span style=\"font-size: 18px;\">Vak\u0131fbank:3 \u2013 Fenerbah\u00e7e:0\u00a0<\/span><br \/><span style=\"font-size: 18px;\">25-13, 25-15, 25-20<\/span><br \/><span style=\"font-size: 18px;\"><a href=\"https:\/\/sarimelekler.biz\/?p=14796\" target=\"_blank\" rel=\"noopener noreferrer\">Sitemiz Ma\u00e7 Yaz\u0131s\u0131<\/a><\/span><br \/><span style=\"font-size: 18px;\">Video: &#8211;<\/span><\/p>\n<p><span style=\"font-size: 18px;\">12.Hafta\u00a0 23.01.2021<\/span><br \/><span style=\"font-size: 18px;\">Edremit Belediye Alt\u0131noluk:3 \u2013 Fenerbah\u00e7e:0\u00a0<\/span><br \/><span style=\"font-size: 18px;\">25-18, 25-18, 25-19<\/span><br \/><span style=\"font-size: 18px;\"><a href=\"https:\/\/sarimelekler.biz\/?p=15090\" target=\"_blank\" rel=\"noopener noreferrer\">Sitemiz Ma\u00e7 Yaz\u0131s\u0131<\/a><\/span><br \/><span style=\"font-size: 18px;\">Video: &#8211;<\/span><\/p>\n<p><span style=\"font-size: 18px;\">13.Hafta\u00a0 31.01.2021<\/span><br \/><span style=\"font-size: 18px;\">Fenerbah\u00e7e:3 \u2013 \u00c7anakkale Belediyesi:2<\/span><br \/><span style=\"font-size: 18px;\">20-25, 21-25, 27-25, 28-26, 15-11<\/span><br \/><span style=\"font-size: 18px;\"><a href=\"https:\/\/sarimelekler.biz\/?p=15199\" target=\"_blank\" rel=\"noopener noreferrer\">Sitemiz Ma\u00e7 Yaz\u0131s\u0131<\/a><\/span><br \/><span style=\"font-size: 18px;\">Video: <a href=\"https:\/\/www.youtube.com\/watch?v=hfdyt-OZNO0\" target=\"_blank\" rel=\"noopener noreferrer\">1<\/a><\/span><\/p>\n<p><span style=\"font-size: 18px;\">14.Hafta\u00a0 06.02.2021<\/span><br \/><span style=\"font-size: 18px;\">\u0130zmirspor:0 \u2013 Fenerbah\u00e7e:3\u00a0<\/span><br \/><span style=\"font-size: 18px;\">11-25, 11-25, 10-25<\/span><br \/><span style=\"font-size: 18px;\"><a href=\"https:\/\/sarimelekler.biz\/?p=15210\" target=\"_blank\" rel=\"noopener noreferrer\">Sitemiz Ma\u00e7 Yaz\u0131s\u0131<\/a><\/span><br \/><span style=\"font-size: 18px;\">Video: <a href=\"https:\/\/www.youtube.com\/watch?v=z9JXh1Coc18\" target=\"_blank\" rel=\"noopener noreferrer\">1<\/a><\/span><\/p>\n<p><span style=\"font-size: 18px;\">15.Hafta\u00a0 13.02.2021<\/span><br \/><span style=\"font-size: 18px;\">Fenerbah\u00e7e:1 \u2013 Kar\u015f\u0131yaka:3<\/span><br \/><span style=\"font-size: 18px;\">18-25, 26-24, 21-25,10-25<\/span><br \/><span style=\"font-size: 18px;\"><a href=\"https:\/\/sarimelekler.biz\/?p=15256\" target=\"_blank\" rel=\"noopener noreferrer\">Sitemiz Ma\u00e7 Yaz\u0131s\u0131<\/a><\/span><br \/><span style=\"font-size: 18px;\">Video: <a href=\"https:\/\/www.youtube.com\/watch?v=9Osg05Nfnac\" target=\"_blank\" rel=\"noopener noreferrer\">1<\/a><\/span><\/p>\n<p><span style=\"font-size: 18px;\">16.Hafta\u00a0 03.03.2021<\/span><br \/><span style=\"font-size: 18px;\">Fenerbah\u00e7e:0 \u2013 \u0130stanbul BBSK:3<\/span><br \/><span style=\"font-size: 18px;\">19-25, 17-25, 23-25<\/span><br \/><span style=\"font-size: 18px;\"><a href=\"https:\/\/sarimelekler.biz\/?p=15418\" target=\"_blank\" rel=\"noopener noreferrer\">Sitemiz Ma\u00e7 Yaz\u0131s\u0131<\/a><\/span><br \/><span style=\"font-size: 18px;\">Video: <a href=\"https:\/\/www.youtube.com\/watch?v=q6Jy6IAe1j0\" target=\"_blank\" rel=\"noopener noreferrer\">1<\/a><\/span><\/p>\n<p><span style=\"font-size: 18px;\">17.Hafta\u00a0 10.03.2021<\/span><br \/><span style=\"font-size: 18px;\">G\u00f6ztepe:3 \u2013 Fenerbah\u00e7e:1<\/span><br \/><span style=\"font-size: 18px;\">25-21, 16-25, 27-25, 25-19<\/span><br \/><span style=\"font-size: 18px;\"><a href=\"https:\/\/sarimelekler.biz\/?p=15466\" target=\"_blank\" rel=\"noopener noreferrer\">Sitemiz Ma\u00e7 Yaz\u0131s\u0131<\/a><\/span><br \/><span style=\"font-size: 18px;\">Video: &#8211;<\/span><\/p>\n<p><span style=\"font-size: 18px;\">18.Hafta\u00a0 06.03.2021<\/span><br \/><span style=\"font-size: 18px;\">Fenerbah\u00e7e:1 \u2013 \u00d6zel Geli\u015fim Koleji:3<\/span><br \/><span style=\"font-size: 18px;\">19-25, 26-24, 21-25, 27-29<\/span><br \/><span style=\"font-size: 18px;\"><a href=\"https:\/\/sarimelekler.biz\/?p=15425\" target=\"_blank\" rel=\"noopener noreferrer\">Sitemiz Ma\u00e7 Yaz\u0131s\u0131<\/a><\/span><br \/><span style=\"font-size: 18px;\">Video: <a href=\"https:\/\/www.youtube.com\/watch?v=ondUCe4p9Zc\" target=\"_blank\" rel=\"noopener noreferrer\">1<\/a><\/span><\/p>\n<p><span style=\"font-size: 18px;\">19.Hafta\u00a0 14.03.2021<\/span><br \/><span style=\"font-size: 18px;\">\u00c7iftlikk\u00f6y Bld:2 \u2013 Fenerbah\u00e7e:3<\/span><br \/><span style=\"font-size: 18px;\">19-25, 25-23, 16-25, 25-20, 10-15<\/span><br \/><span style=\"font-size: 18px;\"><a href=\"https:\/\/sarimelekler.biz\/?p=15476\" target=\"_blank\" rel=\"noopener\">Sitemiz Ma\u00e7 Yaz\u0131s\u0131<\/a><\/span><br \/><span style=\"font-size: 18px;\">Video: &#8211;<\/span><\/p>\n<p><span style=\"font-size: 18px;\">20.Hafta\u00a0 20.03.2021<\/span><br \/><span style=\"font-size: 18px;\">Fenerbah\u00e7e:3 \u2013 M.E. Marmara Akademi:0<\/span><br \/><span style=\"font-size: 18px;\">25-23, 25-15, 25-18<\/span><br \/><span style=\"font-size: 18px;\"><a href=\"https:\/\/sarimelekler.biz\/?p=15519\" target=\"_blank\" rel=\"noopener\">Sitemiz Ma\u00e7 Yaz\u0131s\u0131<\/a><\/span><br \/><span style=\"font-size: 18px;\">Video: <a href=\"https:\/\/www.youtube.com\/watch?v=zxeyCW6eQGU\" target=\"_blank\" rel=\"noopener\">1<\/a>\u00a0<\/span><\/p>\n<p><span style=\"font-size: 18px;\">21.Hafta\u00a0 14.03.2021<\/span><br \/><span style=\"font-size: 18px;\">B\u00fcy\u00fck\u00e7ekmece Voleybol Akademi:3 \u2013 Fenerbah\u00e7e:1<\/span><br \/><span style=\"font-size: 18px;\">22-25, 25-20, 25-19, 25-19<\/span><br \/><span style=\"font-size: 18px;\">Sitemiz Ma\u00e7 Yaz\u0131s\u0131<\/span><br \/><span style=\"font-size: 18px;\">Video: &#8211;<\/span><\/p>\n<p><span style=\"font-size: 18px;\">22.Hafta\u00a0 20.03.2021<\/span><br \/><span style=\"font-size: 18px;\">Fenerbah\u00e7e:3 \u2013 Vak\u0131fbank:0<\/span><br \/><span style=\"font-size: 18px;\">25-18, 25-18, 26-24<\/span><br \/><span style=\"font-size: 18px;\"><a href=\"https:\/\/sarimelekler.biz\/?p=15574\" target=\"_blank\" rel=\"noopener\">Sitemiz Ma\u00e7 Yaz\u0131s\u0131<\/a><\/span><br \/><span style=\"font-size: 18px;\">Video: <a href=\"https:\/\/www.youtube.com\/watch?v=jYmNBr1VGw0\" target=\"_blank\" rel=\"noopener\">1<\/a><\/span><\/p>\n<p>\u00a0<\/p>\n<p><span style=\"font-size: 18px;\"><strong>Sezon Sonu Puan Durumu<\/strong><\/span><\/p>\n\n\t\t<style type=\"text\/css\">\n\t\t\t#gallery-1 {\n\t\t\t\tmargin: auto;\n\t\t\t}\n\t\t\t#gallery-1 .gallery-item {\n\t\t\t\tfloat: left;\n\t\t\t\tmargin-top: 10px;\n\t\t\t\ttext-align: center;\n\t\t\t\twidth: 100%;\n\t\t\t}\n\t\t\t#gallery-1 img {\n\t\t\t\tborder: 2px solid #cfcfcf;\n\t\t\t}\n\t\t\t#gallery-1 .gallery-caption {\n\t\t\t\tmargin-left: 0;\n\t\t\t}\n\t\t\t\/* see gallery_shortcode() in wp-includes\/media.php *\/\n\t\t<\/style>\n\t\t<div data-carousel-extra='{&quot;blog_id&quot;:1,&quot;permalink&quot;:&quot;https:\/\/sarimelekler.biz\/?page_id=14421&quot;}' id='gallery-1' class='gallery galleryid-14421 gallery-columns-1 gallery-size-large'><dl class='gallery-item'>\n\t\t\t<dt class='gallery-icon landscape'>\n\t\t\t\t<a href='https:\/\/sarimelekler.biz\/?attachment_id=15961'><img loading=\"lazy\" decoding=\"async\" width=\"860\" height=\"611\" src=\"https:\/\/sarimelekler.biz\/wp-content\/uploads\/2021\/08\/Lig-Sonu-Puan-Durumu-20-21-1024x728.jpg\" class=\"attachment-large size-large\" alt=\"\" srcset=\"https:\/\/sarimelekler.biz\/wp-content\/uploads\/2021\/08\/Lig-Sonu-Puan-Durumu-20-21-1024x728.jpg 1024w, https:\/\/sarimelekler.biz\/wp-content\/uploads\/2021\/08\/Lig-Sonu-Puan-Durumu-20-21-300x213.jpg 300w, https:\/\/sarimelekler.biz\/wp-content\/uploads\/2021\/08\/Lig-Sonu-Puan-Durumu-20-21-768x546.jpg 768w, https:\/\/sarimelekler.biz\/wp-content\/uploads\/2021\/08\/Lig-Sonu-Puan-Durumu-20-21-150x107.jpg 150w, https:\/\/sarimelekler.biz\/wp-content\/uploads\/2021\/08\/Lig-Sonu-Puan-Durumu-20-21.jpg 1130w\" sizes=\"auto, (max-width: 860px) 100vw, 860px\" data-attachment-id=\"15961\" data-permalink=\"https:\/\/sarimelekler.biz\/?attachment_id=15961\" data-orig-file=\"https:\/\/sarimelekler.biz\/wp-content\/uploads\/2021\/08\/Lig-Sonu-Puan-Durumu-20-21.jpg\" data-orig-size=\"1130,803\" data-comments-opened=\"0\" data-image-meta=\"{&quot;aperture&quot;:&quot;0&quot;,&quot;credit&quot;:&quot;&quot;,&quot;camera&quot;:&quot;&quot;,&quot;caption&quot;:&quot;&quot;,&quot;created_timestamp&quot;:&quot;0&quot;,&quot;copyright&quot;:&quot;&quot;,&quot;focal_length&quot;:&quot;0&quot;,&quot;iso&quot;:&quot;0&quot;,&quot;shutter_speed&quot;:&quot;0&quot;,&quot;title&quot;:&quot;&quot;,&quot;orientation&quot;:&quot;0&quot;}\" data-image-title=\"Lig Sonu Puan Durumu 20-21\" data-image-description=\"\" data-image-caption=\"\" data-large-file=\"https:\/\/sarimelekler.biz\/wp-content\/uploads\/2021\/08\/Lig-Sonu-Puan-Durumu-20-21-1024x728.jpg\" \/><\/a>\n\t\t\t<\/dt><\/dl><br style=\"clear: both\" \/>\n\t\t<\/div>\n\n","protected":false},"excerpt":{"rendered":"<p>Puan Durumu ve Fikst\u00fcrTVF\u00a0\u2013\u00a0TVF Haber Kategorisi T\u00fcm Yaz\u0131lar 1.Hafta\u00a0 11.10.2020Fenerbah\u00e7e:3 \u2026 <a class=\"continue-reading-link\" href=\"https:\/\/sarimelekler.biz\/?page_id=14421\">Okumaya Devam Et.. <span class=\"meta-nav\">&rarr; <\/span><\/a><\/p>\n","protected":false},"author":1,"featured_media":0,"parent":14262,"menu_order":1,"comment_status":"closed","ping_status":"closed","template":"","meta":{"_mc_calendar":[],"footnotes":""},"class_list":["post-14421","page","type-page","status-publish","hentry"],"jetpack_sharing_enabled":true,"jetpack_shortlink":"https:\/\/wp.me\/P8npUZ-3KB","jetpack-related-posts":[],"_links":{"self":[{"href":"https:\/\/sarimelekler.biz\/index.php?rest_route=\/wp\/v2\/pages\/14421","targetHints":{"allow":["GET"]}}],"collection":[{"href":"https:\/\/sarimelekler.biz\/index.php?rest_route=\/wp\/v2\/pages"}],"about":[{"href":"https:\/\/sarimelekler.biz\/index.php?rest_route=\/wp\/v2\/types\/page"}],"author":[{"embeddable":true,"href":"https:\/\/sarimelekler.biz\/index.php?rest_route=\/wp\/v2\/users\/1"}],"replies":[{"embeddable":true,"href":"https:\/\/sarimelekler.biz\/index.php?rest_route=%2Fwp%2Fv2%2Fcomments&post=14421"}],"version-history":[{"count":31,"href":"https:\/\/sarimelekler.biz\/index.php?rest_route=\/wp\/v2\/pages\/14421\/revisions"}],"predecessor-version":[{"id":16321,"href":"https:\/\/sarimelekler.biz\/index.php?rest_route=\/wp\/v2\/pages\/14421\/revisions\/16321"}],"up":[{"embeddable":true,"href":"https:\/\/sarimelekler.biz\/index.php?rest_route=\/wp\/v2\/pages\/14262"}],"wp:attachment":[{"href":"https:\/\/sarimelekler.biz\/index.php?rest_route=%2Fwp%2Fv2%2Fmedia&parent=14421"}],"curies":[{"name":"wp","href":"https:\/\/api.w.org\/{rel}","templated":true}]}}