{"id":18774,"date":"2023-02-07T22:08:13","date_gmt":"2023-02-07T19:08:13","guid":{"rendered":"https:\/\/sarimelekler.biz\/?page_id=18774"},"modified":"2023-03-28T00:05:23","modified_gmt":"2023-03-27T21:05:23","slug":"sampiyonlar-ligi","status":"publish","type":"page","link":"https:\/\/sarimelekler.biz\/?page_id=18774","title":{"rendered":"\u015eampiyonlar Ligi"},"content":{"rendered":"\n\n\t\t<style type=\"text\/css\">\n\t\t\t#gallery-1 {\n\t\t\t\tmargin: auto;\n\t\t\t}\n\t\t\t#gallery-1 .gallery-item {\n\t\t\t\tfloat: left;\n\t\t\t\tmargin-top: 10px;\n\t\t\t\ttext-align: center;\n\t\t\t\twidth: 100%;\n\t\t\t}\n\t\t\t#gallery-1 img {\n\t\t\t\tborder: 2px solid #cfcfcf;\n\t\t\t}\n\t\t\t#gallery-1 .gallery-caption {\n\t\t\t\tmargin-left: 0;\n\t\t\t}\n\t\t\t\/* see gallery_shortcode() in wp-includes\/media.php *\/\n\t\t<\/style>\n\t\t<div data-carousel-extra='{&quot;blog_id&quot;:1,&quot;permalink&quot;:&quot;https:\/\/sarimelekler.biz\/?page_id=18774&quot;}' id='gallery-1' class='gallery galleryid-18774 gallery-columns-1 gallery-size-medium'><dl class='gallery-item'>\n\t\t\t<dt class='gallery-icon portrait'>\n\t\t\t\t<a href='https:\/\/sarimelekler.biz\/?attachment_id=18788'><img loading=\"lazy\" decoding=\"async\" width=\"286\" height=\"300\" src=\"https:\/\/sarimelekler.biz\/wp-content\/uploads\/2023\/02\/Cev-2023-Logo-286x300.jpg\" class=\"attachment-medium size-medium\" alt=\"\" srcset=\"https:\/\/sarimelekler.biz\/wp-content\/uploads\/2023\/02\/Cev-2023-Logo-286x300.jpg 286w, https:\/\/sarimelekler.biz\/wp-content\/uploads\/2023\/02\/Cev-2023-Logo-143x150.jpg 143w, https:\/\/sarimelekler.biz\/wp-content\/uploads\/2023\/02\/Cev-2023-Logo.jpg 702w\" sizes=\"auto, (max-width: 286px) 100vw, 286px\" data-attachment-id=\"18788\" data-permalink=\"https:\/\/sarimelekler.biz\/?attachment_id=18788\" data-orig-file=\"https:\/\/sarimelekler.biz\/wp-content\/uploads\/2023\/02\/Cev-2023-Logo.jpg\" data-orig-size=\"702,737\" data-comments-opened=\"0\" data-image-meta=\"{&quot;aperture&quot;:&quot;0&quot;,&quot;credit&quot;:&quot;&quot;,&quot;camera&quot;:&quot;&quot;,&quot;caption&quot;:&quot;&quot;,&quot;created_timestamp&quot;:&quot;0&quot;,&quot;copyright&quot;:&quot;&quot;,&quot;focal_length&quot;:&quot;0&quot;,&quot;iso&quot;:&quot;0&quot;,&quot;shutter_speed&quot;:&quot;0&quot;,&quot;title&quot;:&quot;&quot;,&quot;orientation&quot;:&quot;1&quot;}\" data-image-title=\"Cev 2023 Logo\" data-image-description=\"\" data-image-caption=\"\" data-large-file=\"https:\/\/sarimelekler.biz\/wp-content\/uploads\/2023\/02\/Cev-2023-Logo.jpg\" \/><\/a>\n\t\t\t<\/dt><\/dl><br style=\"clear: both\" \/>\n\t\t<\/div>\n\n<p>\u00a0<\/p>\n<p style=\"text-align: justify;\"><span style=\"font-size: 18px;\">Avrupa\u2019n\u0131n kul\u00fcpler d\u00fczeyindeki en prestijli organizasyonu olan CEV \u015eampiyonlar Ligi\u2019nde \u00fclkemizi kad\u0131nlarda temsil edecek olan Fenerbah\u00e7e Opet Kad\u0131n Voleybol Tak\u0131m\u0131m\u0131z, 20 tak\u0131m\u0131n m\u00fccadele edece\u011fi 2023 CEV \u015eampiyonlar Ligi\u2019nde D Grubunda yer ald\u0131.<\/span><\/p>\n<p style=\"text-align: justify;\"><span style=\"font-size: 18px;\">Tak\u0131m\u0131m\u0131z\u0131n grup a\u015famas\u0131ndaki rakipleri; Polonya\u2019dan LKS Commercecon Lodz, Almanya\u2019dan Allianz MTV Stuttgart ve Elemelerden gelen \u0130spanyol temsilcisi Tenerife La Laguna tak\u0131mlar\u0131 oldu.<\/span><\/p>\n<p style=\"text-align: justify;\"><span style=\"font-size: 18px;\">\u015eampiyonlar Ligi\u2019nde 5 grupta ilk s\u0131ray\u0131 alacak tak\u0131mlar, adlar\u0131n\u0131 do\u011frudan \u00e7eyrek finale yazd\u0131racak. 5 grup ikincisi ve en iyi 1 grup \u00fc\u00e7\u00fcnc\u00fcs\u00fc ise play-off etab\u0131nda m\u00fccadele edecek. Play-off a\u015famas\u0131nda tur atlayacak 3 tak\u0131m \u00e7eyrek finale y\u00fckselecek, kaybeden tak\u0131mlar ise yoluna CEV Kupas\u0131 \u00e7eyrek finalinden devam edecek.<\/span><\/p>\n<p style=\"text-align: justify;\"><span style=\"font-size: 18px;\">CEV \u015eampiyonlar Ligi\u2019nde oynayaca\u011f\u0131m\u0131z ma\u00e7lar Tivibu Platformundan canl\u0131 yay\u0131nlanacak. <\/span><\/p>\n<p style=\"text-align: justify;\"><span style=\"font-size: 18px;\">Ba\u015far\u0131lar #Sar\u0131Melekler<\/span><\/p>\n<p>\u00a0<\/p>\n<p style=\"text-align: justify; font-size: 18px;\"><a href=\"https:\/\/sarimelekler.biz\/?cat=1\" target=\"_blank\" rel=\"noopener\"><span style=\"font-size: 18px;\">Haber Kategorisi T\u00fcm Yaz\u0131lar<\/span><\/a><\/p>\n<p><span style=\"font-size: 18px;\"><strong>1.Ma\u00e7<\/strong>\u00a0 06.12.2022\u00a0<\/span><br \/><span style=\"font-size: 18px;\">Fenerbah\u00e7e Opet:3 \u2013 Tenerife La Laguna:0\u00a0\u00a0<\/span><br \/><span style=\"font-size: 18px;\">25-17, 27-25, 25-14<\/span><br \/><a href=\"https:\/\/sarimelekler.biz\/?p=18492\" target=\"_blank\" rel=\"noopener\"><span style=\"font-size: 18px;\">Sitemiz Ma\u00e7 Yaz\u0131s\u0131<\/span><\/a><br \/><span style=\"font-size: 18px;\">Video:\u00a0<a href=\"https:\/\/www.youtube.com\/watch?v=8012bCuLKxU\" target=\"_blank\" rel=\"noopener\">1<\/a> &#8211; <a href=\"https:\/\/www.youtube.com\/watch?v=kSjHmKr4WA0\" target=\"_blank\" rel=\"noopener\">2<\/a><\/span><\/p>\n<p><span style=\"font-size: 18px;\"><strong>2.Ma\u00e7<\/strong>\u00a0 21.12.2022\u00a0<\/span><br \/><span style=\"font-size: 18px;\">Allianz MTV Stuttgart:3 \u2013 Fenerbah\u00e7e Opet:2\u00a0<\/span><br \/><span style=\"font-size: 18px;\">25-22, 25-23, 18-25, 22-25, 15-10<\/span><br \/><a href=\"https:\/\/sarimelekler.biz\/?p=18562\" target=\"_blank\" rel=\"noopener\"><span style=\"font-size: 18px;\">Sitemiz Ma\u00e7 Yaz\u0131s\u0131<\/span><\/a><br \/><span style=\"font-size: 18px;\">Video:\u00a0<a href=\"https:\/\/www.youtube.com\/watch?v=kSjHmKr4WA0\" target=\"_blank\" rel=\"noopener\">1<\/a><\/span><\/p>\n<p><span style=\"font-size: 18px;\"><strong>3.Ma\u00e7<\/strong>\u00a0 11.01.2023\u00a0<\/span><br \/><span style=\"font-size: 18px;\">LKS Commercecon Lodz :3 \u2013 Fenerbah\u00e7e Opet:1\u00a0 <\/span><br \/><span style=\"font-size: 18px;\">25-21, 22-25, 25-16, 25-19<\/span><br \/><a href=\"https:\/\/sarimelekler.biz\/?p=18635\" target=\"_blank\" rel=\"noopener\"><span style=\"font-size: 18px;\">Sitemiz Ma\u00e7 Yaz\u0131s\u0131<\/span><\/a><br \/><span style=\"font-size: 18px;\">Video:\u00a0<a href=\"https:\/\/www.youtube.com\/watch?v=8fW_8cgYjTM\" target=\"_blank\" rel=\"noopener\">1<\/a><\/span><\/p>\n<p><span style=\"font-size: 18px;\"><strong>4.Ma\u00e7<\/strong>\u00a0 18.01.2023\u00a0<\/span><br \/><span style=\"font-size: 18px;\">Fenerbah\u00e7e Opet:3 \u2013 Allianz MTV Stuttgart:1\u00a0 <\/span><br \/><span style=\"font-size: 18px;\">25-20, 22-25, 25-18, 25-16<\/span><br \/><a href=\"https:\/\/sarimelekler.biz\/?p=18655\" target=\"_blank\" rel=\"noopener\"><span style=\"font-size: 18px;\">Sitemiz Ma\u00e7 Yaz\u0131s\u0131<\/span><\/a><br \/><span style=\"font-size: 18px;\">Video:\u00a0<a href=\"https:\/\/www.youtube.com\/watch?v=Yq98HXD56r0\" target=\"_blank\" rel=\"noopener\">1<\/a><\/span><\/p>\n<p><span style=\"font-size: 18px;\"><strong>5.Ma\u00e7<\/strong>\u00a0 02.02.2023\u00a0<\/span><br \/><span style=\"font-size: 18px;\">Tenerife La Laguna:0 \u2013 Fenerbah\u00e7e Opet:3 \u00a0<\/span><br \/><span style=\"font-size: 18px;\">18-25, 20-25, 24-26<\/span><br \/><a href=\"https:\/\/sarimelekler.biz\/?p=18694\" target=\"_blank\" rel=\"noopener\"><span style=\"font-size: 18px;\">Sitemiz Ma\u00e7 Yaz\u0131s\u0131<\/span><\/a><br \/><span style=\"font-size: 18px;\">Video: <a href=\"https:\/\/www.youtube.com\/watch?v=oy0IZJ7i9zU\" target=\"_blank\" rel=\"noopener\">1<\/a> &#8211; <a href=\"https:\/\/www.youtube.com\/watch?v=irJgnjDJ3IA\" target=\"_blank\" rel=\"noopener\">2<\/a><\/span><\/p>\n<p><span style=\"font-size: 18px;\"><strong>6.Ma\u00e7<\/strong>\u00a0 \u00a015.02.2023<\/span><br \/><span style=\"font-size: 18px;\">Fenerbah\u00e7e Opet:3 \u2013 LKS Commercecon Lodz:0 \u00a0<\/span><br \/><span style=\"font-size: 18px;\">25-22, 25-16, 28-26<\/span><br \/><a href=\"https:\/\/sarimelekler.biz\/?p=18867\" target=\"_blank\" rel=\"noopener\"><span style=\"font-size: 18px;\">Sitemiz Ma\u00e7 Yaz\u0131s\u0131<\/span><\/a><br \/><span style=\"font-size: 18px;\">Video: <a href=\"https:\/\/www.youtube.com\/watch?v=onU0lNJZCtE\" target=\"_blank\" rel=\"noopener\">1<\/a> &#8211; <a href=\"https:\/\/www.youtube.com\/watch?v=VOf9EaRx6gI\" target=\"_blank\" rel=\"noopener\">2<\/a><\/span><\/p>\n<p><span style=\"font-size: 18px;\"><strong>7.Ma\u00e7 Play-Off Turu<\/strong>\u00a0 21.02.2023\u00a0<\/span><br \/><span style=\"font-size: 18px;\">Grupa Azoty Chemik Police:2 \u2013 Fenerbah\u00e7e Opet:3 \u00a0<\/span><br \/><span style=\"font-size: 18px;\">14-25, 29-27, 23-25, 25-22, 10-15<\/span><br \/><a href=\"https:\/\/sarimelekler.biz\/?p=18879\" target=\"_blank\" rel=\"noopener\"><span style=\"font-size: 18px;\">Sitemiz Ma\u00e7 Yaz\u0131s\u0131<\/span><\/a><br \/><span style=\"font-size: 18px;\">Video: <a href=\"https:\/\/www.youtube.com\/watch?v=rlCXeQEUR5g\" target=\"_blank\" rel=\"noopener\">1<\/a>\u00a0<\/span><\/p>\n<p><span style=\"font-size: 18px;\"><strong>8.Ma\u00e7<\/strong>\u00a0 \u00a002.03.2023<\/span><br \/><span style=\"font-size: 18px;\">Fenerbah\u00e7e Opet:3 \u2013 Grupa Azoty Chemik Police:1\u00a0<\/span><br \/><span style=\"font-size: 18px;\">25-23, 25-19, 21-25, 25-18<\/span><br \/><a href=\"https:\/\/sarimelekler.biz\/?p=18906\" target=\"_blank\" rel=\"noopener\"><span style=\"font-size: 18px;\">Sitemiz Ma\u00e7 Yaz\u0131s\u0131<\/span><\/a><br \/><span style=\"font-size: 18px;\">Video: <a href=\"https:\/\/www.youtube.com\/watch?v=n1dkxGwPyOM\" target=\"_blank\" rel=\"noopener\">1<\/a>\u00a0<\/span><\/p>\n<p><span style=\"font-size: 18px;\"><strong>9.Ma\u00e7<\/strong>\u00a0 <strong>\u00c7eyrek Final<\/strong>\u00a0 16.03.2023<\/span><br \/><span style=\"font-size: 18px;\">Fenerbah\u00e7e Opet:3 \u2013 A. Carraro Imoco Conegliano:0\u00a0<\/span><br \/><span style=\"font-size: 18px;\">25-19, 25-17, 25-19<\/span><br \/><a href=\"https:\/\/sarimelekler.biz\/?p=19009\" target=\"_blank\" rel=\"noopener\"><span style=\"font-size: 18px;\">Sitemiz Ma\u00e7 Yaz\u0131s\u0131<\/span><\/a><br \/><span style=\"font-size: 18px;\">Video: <a href=\"https:\/\/www.youtube.com\/watch?v=rCA42uhzxuQ\" target=\"_blank\" rel=\"noopener\">1<\/a>\u00a0<\/span><\/p>\n<p><span style=\"font-size: 18px;\"><strong>10.Ma\u00e7<\/strong>\u00a0 23.03.2023\u00a0<\/span><br \/><span style=\"font-size: 18px;\">A. Carraro Imoco Conegliano:3 \u2013 Fenerbah\u00e7e Opet:2\u00a0\u00a0<\/span><br \/><span style=\"font-size: 18px;\">23-25, 15-25, 25-23, 25-20, 15-13<\/span><br \/><span style=\"font-size: 18px;\"><a href=\"https:\/\/sarimelekler.biz\/?p=19053\" target=\"_blank\" rel=\"noopener\">Sitemiz Ma\u00e7 Yaz\u0131s\u0131<\/a><\/span><br \/><span style=\"font-size: 18px;\">Video: <a href=\"https:\/\/www.youtube.com\/watch?v=mmYwXn57M7g&amp;t=3s\" target=\"_blank\" rel=\"noopener\">1<\/a>\u00a0<\/span><\/p>\n<p><span style=\"font-size: 18px;\"><strong>11.Ma\u00e7 Yar\u0131 Final<\/strong> \u00a0<\/span><br \/><span style=\"font-size: 18px;\">Vak\u0131fbank:0 \u2013 Fenerbah\u00e7e Opet:0\u00a0\u00a0<\/span><br \/><span style=\"font-size: 18px;\">0-0<\/span><br \/><span style=\"font-size: 18px;\">Sitemiz Ma\u00e7 Yaz\u0131s\u0131<\/span><br \/><span style=\"font-size: 18px;\">Video: &#8211;\u00a0<\/span><\/p>\n<p><span style=\"font-size: 18px;\"><strong>12.Ma\u00e7<\/strong> \u00a0<\/span><br \/><span style=\"font-size: 18px;\">Fenerbah\u00e7e Opet:0 \u2013 Vak\u0131fbank:0\u00a0<\/span><br \/><span style=\"font-size: 18px;\">0-0<\/span><br \/><span style=\"font-size: 18px;\">Sitemiz Ma\u00e7 Yaz\u0131s\u0131<\/span><br \/><span style=\"font-size: 18px;\">Video: &#8211;\u00a0<\/span><\/p>\n","protected":false},"excerpt":{"rendered":"<p>\u00a0 Avrupa\u2019n\u0131n kul\u00fcpler d\u00fczeyindeki en prestijli organizasyonu olan CEV \u015eampiyonlar \u2026 <a class=\"continue-reading-link\" href=\"https:\/\/sarimelekler.biz\/?page_id=18774\">Okumaya Devam Et.. <span class=\"meta-nav\">&rarr; <\/span><\/a><\/p>\n","protected":false},"author":1,"featured_media":0,"parent":18297,"menu_order":2,"comment_status":"closed","ping_status":"closed","template":"","meta":{"_mc_calendar":[],"footnotes":""},"class_list":["post-18774","page","type-page","status-publish","hentry"],"jetpack_sharing_enabled":true,"jetpack_shortlink":"https:\/\/wp.me\/P8npUZ-4SO","jetpack-related-posts":[{"id":13646,"url":"https:\/\/sarimelekler.biz\/?page_id=13646","url_meta":{"origin":18774,"position":0},"title":"\u015eampiyonlar Ligi","author":"Edit\u00f6r","date":"20 Temmuz 2020","format":false,"excerpt":"Fenerbah\u00e7e Kad\u0131n Voleybol tak\u0131m\u0131m\u0131z 2018 \u2013 2019 sezonunu \u00fc\u00e7\u00fcnc\u00fc bitirdi\u011fi i\u00e7in 2019-2020 Cev \u015eampiyonlar ligine kat\u0131l\u0131m hakk\u0131 kazand\u0131. Tak\u0131m\u0131m\u0131z \u015eampiyonlar ligi A Grubu\u2019nda Eczac\u0131ba\u015f\u0131 Vitra, Budowlani Lodz (Polonya) ve Salo (Finalndiya) ile e\u015fle\u015fti. CEV \u015eampiyonlar Ligi\u2019nde kad\u0131nlarda grup ma\u00e7lar\u0131, 19.11.2019 \u2013 18.02.2020, \u00e7eyrek finaller 03-12 Mart 2020, yar\u0131 finaller 24\u2026","rel":"","context":"Benzer yaz\u0131","block_context":{"text":"Benzer yaz\u0131","link":""},"img":{"alt_text":"","src":"https:\/\/i0.wp.com\/sarimelekler.biz\/wp-content\/uploads\/2017\/12\/Y%C4%B1ld%C4%B1z-150x150.png?resize=350%2C200&ssl=1","width":350,"height":200,"srcset":"https:\/\/i0.wp.com\/sarimelekler.biz\/wp-content\/uploads\/2017\/12\/Y%C4%B1ld%C4%B1z-150x150.png?resize=350%2C200&ssl=1 1x, https:\/\/i0.wp.com\/sarimelekler.biz\/wp-content\/uploads\/2017\/12\/Y%C4%B1ld%C4%B1z-150x150.png?resize=525%2C300&ssl=1 1.5x, https:\/\/i0.wp.com\/sarimelekler.biz\/wp-content\/uploads\/2017\/12\/Y%C4%B1ld%C4%B1z-150x150.png?resize=700%2C400&ssl=1 2x, https:\/\/i0.wp.com\/sarimelekler.biz\/wp-content\/uploads\/2017\/12\/Y%C4%B1ld%C4%B1z-150x150.png?resize=1050%2C600&ssl=1 3x, https:\/\/i0.wp.com\/sarimelekler.biz\/wp-content\/uploads\/2017\/12\/Y%C4%B1ld%C4%B1z-150x150.png?resize=1400%2C800&ssl=1 4x"},"classes":[]},{"id":7498,"url":"https:\/\/sarimelekler.biz\/?page_id=7498","url_meta":{"origin":18774,"position":1},"title":"\u015eampiyonlar Ligi","author":"Edit\u00f6r","date":"21 Kas\u0131m 2018","format":false,"excerpt":"2019 Cev \u015eampiyonlar ligine Fenerbah\u00e7e Bayan Voleybol tak\u0131m\u0131m\u0131z 2017 \u2013 2018 sezonunu \u00fc\u00e7\u00fcnc\u00fc bitirdi\u011fi i\u00e7in \u00f6n eleme oynama hakk\u0131 kazanm\u0131\u015ft\u0131. Ancak CEV taraf\u0131ndan yap\u0131lan sistem de\u011fi\u015fikli\u011fi ile beraber tak\u0131m\u0131m\u0131z \u00f6n eleme oynamadan \u015eampiyonlar Ligine direk kat\u0131ld\u0131. Tak\u0131m\u0131m\u0131z \u015eampiyonlar liginde E Grubu\u2019nda Rusya\u2019dan Dinamo Moskova, Polonya'dan Chemik Police ve Romanya'dan CSM\u2026","rel":"","context":"Benzer yaz\u0131","block_context":{"text":"Benzer yaz\u0131","link":""},"img":{"alt_text":"","src":"https:\/\/i0.wp.com\/sarimelekler.biz\/wp-content\/uploads\/2017\/02\/CkzPqtsB-150x150.jpg?resize=350%2C200&ssl=1","width":350,"height":200},"classes":[]},{"id":5166,"url":"https:\/\/sarimelekler.biz\/?page_id=5166","url_meta":{"origin":18774,"position":2},"title":"\u015eampiyonlar Ligi","author":"Edit\u00f6r","date":"10 Aral\u0131k 2017","format":false,"excerpt":"2018 Cev \u015eampiyonlar ligine Fenerbah\u00e7e Bayan Voleybol tak\u0131m\u0131m\u0131z 2016 \u2013 2017 sezonunu \u015eampiyon bitirdi\u011fi i\u00e7in \u00f6n eleme oynamadan direk kat\u0131ld\u0131. Tak\u0131m\u0131m\u0131z \u015eampiyonlar liginde B Grubu\u2019nda \u0130talya\u2019n\u0131n Imoco Volley Conegliano, yine Italya\u2019nin, Igor Gorgonzola Novara ve \u00c7ekya\u2019n\u0131n Agel Prostejov tak\u0131mlari ile e\u015fle\u015fti. CEV \u015eampiyonlar Ligi\u2019nde grup ma\u00e7lar\u0131 12 Aral\u0131k'ta ba\u015flayacak ve\u2026","rel":"","context":"Benzer yaz\u0131","block_context":{"text":"Benzer yaz\u0131","link":""},"img":{"alt_text":"","src":"https:\/\/i0.wp.com\/sarimelekler.biz\/wp-content\/uploads\/2017\/02\/CkzPqtsB-150x150.jpg?resize=350%2C200&ssl=1","width":350,"height":200},"classes":[]},{"id":2561,"url":"https:\/\/sarimelekler.biz\/?page_id=2561","url_meta":{"origin":18774,"position":3},"title":"\u015eampiyonlar Ligi","author":"Edit\u00f6r","date":"15 \u015eubat 2017","format":false,"excerpt":"CEV \u015eAMP\u0130YONLAR L\u0130G\u0130 \u00a0 2017 Cev \u015eampiyonlar ligini Fenerbah\u00e7e Bayan Voleybol tak\u0131m\u0131m\u0131z 2015 \u2013 2016 sezonunu T\u00fcrkiye Ligini ikinci s\u0131rada bitirdi\u011fi i\u00e7in \u00f6n eleme oynamadan direk kat\u0131ld\u0131. \u015eampiyonlar liginde Fenerbah\u00e7emiz Azerbaycan\u2019\u0131n \u201cAzerrail BAK\u00dc\u201d, Fransa\u2019n\u0131n \u201cST-RAPHA\u00cbL Var VB\u201d ve Polonya\u2019n\u0131n \u201cTauron MKS D\u0104BROWA G\u00d3RNICZA\u201d tak\u0131lar\u0131yla C grubunda e\u015fle\u015fti. CEV \u015eampiyonlar Ligi\u2019nde\u2026","rel":"","context":"Benzer yaz\u0131","block_context":{"text":"Benzer yaz\u0131","link":""},"img":{"alt_text":"","src":"https:\/\/i0.wp.com\/sarimelekler.biz\/wp-content\/uploads\/2017\/02\/CkzPqtsB-150x150.jpg?resize=350%2C200&ssl=1","width":350,"height":200},"classes":[]},{"id":2420,"url":"https:\/\/sarimelekler.biz\/?page_id=2420","url_meta":{"origin":18774,"position":4},"title":"Ayten Salih Berkalp K\u00f6\u015fesi","author":"Edit\u00f6r","date":"12 \u015eubat 2017","format":false,"excerpt":"Dr. Ayten Salih Berkalp \u00a0 Dr. Ayten Salih Berkalp, 1934 \/ Magosa do\u011fumludur. \u0130lkokulu Limasol\u2019da, ortaokulu Lefko\u015fa Victoria Tali K\u0131z Okulu\u2019nda, liseyi \u0130stanbul \u00c7aml\u0131ca K\u0131z Lisesi\u2019nde, \u00fcniversiteyi ise \u0130stanbul T\u0131p Fak\u00fcltesi\u2019nde 1960 y\u0131l\u0131nda tamamlad\u0131. Ayten Salih, T\u00fcrkiye Milli Voleybol Tak\u0131m\u0131\u2019nda yer alan ilk K\u0131br\u0131sl\u0131 T\u00fcrk sporcudur. Fenerbah\u00e7e Spor Kul\u00fcb\u00fc\u2019nde Voleybol\u2026","rel":"","context":"Benzer yaz\u0131","block_context":{"text":"Benzer yaz\u0131","link":""},"img":{"alt_text":"","src":"https:\/\/i0.wp.com\/sarimelekler.biz\/wp-content\/uploads\/2017\/02\/Ayten-Berkalp-2-150x150.jpg?resize=350%2C200&ssl=1","width":350,"height":200,"srcset":"https:\/\/i0.wp.com\/sarimelekler.biz\/wp-content\/uploads\/2017\/02\/Ayten-Berkalp-2-150x150.jpg?resize=350%2C200&ssl=1 1x, https:\/\/i0.wp.com\/sarimelekler.biz\/wp-content\/uploads\/2017\/02\/Ayten-Berkalp-2-150x150.jpg?resize=525%2C300&ssl=1 1.5x, https:\/\/i0.wp.com\/sarimelekler.biz\/wp-content\/uploads\/2017\/02\/Ayten-Berkalp-2-150x150.jpg?resize=700%2C400&ssl=1 2x, https:\/\/i0.wp.com\/sarimelekler.biz\/wp-content\/uploads\/2017\/02\/Ayten-Berkalp-2-150x150.jpg?resize=1050%2C600&ssl=1 3x"},"classes":[]},{"id":18829,"url":"https:\/\/sarimelekler.biz\/?page_id=18829","url_meta":{"origin":18774,"position":5},"title":"T\u00fcrkiye Kupas\u0131 (Kupa Voley)","author":"Edit\u00f6r","date":"11 \u015eubat 2023","format":false,"excerpt":"2022 \u2013 2023 T\u00fcrkiye Kupas\u0131 \u201cAXA Sigorta Kupa Voley D\u00fcnya Baltac\u0131o\u011flu \u00d6zel Sezonu\u201d ismi alt\u0131nda d\u00fczenlenmi\u015ftir. Axa Sigorta Kupa Voley m\u00fcsabakalar\u0131 2022-2023 sezonunda Sultanlar liginde bulunan 14 tak\u0131mla oynanacakt\u0131r. 2021-2022 sezon s\u0131ralamas\u0131na g\u00f6re (1. Vak\u0131fbank, 2.Fenerbah\u00e7e Opet hari\u00e7) di\u011fer tak\u0131mlar serpantin usul\u00fcne g\u00f6re 4\u2019erli 3 gruba ayr\u0131l\u0131r. Gruptaki tak\u0131mlar Federasyonca\u2026","rel":"","context":"Benzer yaz\u0131","block_context":{"text":"Benzer yaz\u0131","link":""},"img":{"alt_text":"","src":"https:\/\/i0.wp.com\/sarimelekler.biz\/wp-content\/uploads\/2023\/02\/Tr-Kupasi-2023-Logo-1024x663.jpg?resize=350%2C200&ssl=1","width":350,"height":200,"srcset":"https:\/\/i0.wp.com\/sarimelekler.biz\/wp-content\/uploads\/2023\/02\/Tr-Kupasi-2023-Logo-1024x663.jpg?resize=350%2C200&ssl=1 1x, https:\/\/i0.wp.com\/sarimelekler.biz\/wp-content\/uploads\/2023\/02\/Tr-Kupasi-2023-Logo-1024x663.jpg?resize=525%2C300&ssl=1 1.5x, https:\/\/i0.wp.com\/sarimelekler.biz\/wp-content\/uploads\/2023\/02\/Tr-Kupasi-2023-Logo-1024x663.jpg?resize=700%2C400&ssl=1 2x, https:\/\/i0.wp.com\/sarimelekler.biz\/wp-content\/uploads\/2023\/02\/Tr-Kupasi-2023-Logo-1024x663.jpg?resize=1050%2C600&ssl=1 3x"},"classes":[]}],"_links":{"self":[{"href":"https:\/\/sarimelekler.biz\/index.php?rest_route=\/wp\/v2\/pages\/18774","targetHints":{"allow":["GET"]}}],"collection":[{"href":"https:\/\/sarimelekler.biz\/index.php?rest_route=\/wp\/v2\/pages"}],"about":[{"href":"https:\/\/sarimelekler.biz\/index.php?rest_route=\/wp\/v2\/types\/page"}],"author":[{"embeddable":true,"href":"https:\/\/sarimelekler.biz\/index.php?rest_route=\/wp\/v2\/users\/1"}],"replies":[{"embeddable":true,"href":"https:\/\/sarimelekler.biz\/index.php?rest_route=%2Fwp%2Fv2%2Fcomments&post=18774"}],"version-history":[{"count":27,"href":"https:\/\/sarimelekler.biz\/index.php?rest_route=\/wp\/v2\/pages\/18774\/revisions"}],"predecessor-version":[{"id":19112,"href":"https:\/\/sarimelekler.biz\/index.php?rest_route=\/wp\/v2\/pages\/18774\/revisions\/19112"}],"up":[{"embeddable":true,"href":"https:\/\/sarimelekler.biz\/index.php?rest_route=\/wp\/v2\/pages\/18297"}],"wp:attachment":[{"href":"https:\/\/sarimelekler.biz\/index.php?rest_route=%2Fwp%2Fv2%2Fmedia&parent=18774"}],"curies":[{"name":"wp","href":"https:\/\/api.w.org\/{rel}","templated":true}]}}