{"id":2411,"date":"2017-02-12T18:11:08","date_gmt":"2017-02-12T16:11:08","guid":{"rendered":"http:\/\/sarimelekler.biz\/?page_id=2411"},"modified":"2021-10-02T17:31:40","modified_gmt":"2021-10-02T14:31:40","slug":"tarihimiz-ve-basarilarimiz-2","status":"publish","type":"page","link":"https:\/\/sarimelekler.biz\/?page_id=2411","title":{"rendered":"Tarihimiz ve Ba\u015far\u0131lar\u0131m\u0131z"},"content":{"rendered":"<p style=\"text-align: justify;\"><span style=\"font-family: 'times new roman', times, serif; font-size: 20px;\">Fenerbah\u00e7e Bayan Voleybol Tak\u0131m\u0131m\u0131z\u0131n Tarih\u00e7esi ve Ba\u015far\u0131lar\u0131 b\u00f6l\u00fcm\u00fc tak\u0131m\u0131m\u0131zda emekleri \u00e7ok olan Sabiha R\u0131fat G\u00fcrayman, Ayten Salih Berkalp ve Eda Erdem D\u00fcndar&#8217;\u0131 onore etmek i\u00e7in taraftar sitemizde bu ba\u015fl\u0131klar alt\u0131nda yay\u0131nlanm\u0131\u015ft\u0131r.\u00a0<\/span><\/p>\n<p style=\"text-align: justify;\"><span style=\"font-size: 20px; font-family: 'times new roman', times, serif;\">Fenerbah\u00e7e Bayan Voleybol Tak\u0131m\u0131 Hakk\u0131nda Uzak Tarih Bilgilerini <a href=\"https:\/\/sarimelekler.biz\/?page_id=2402\" target=\"_blank\" rel=\"noopener\">Sabiha R\u0131fat G\u00fcrayman K\u00f6\u015fesi&#8217;nde<\/a>\u00a0Bulabilirsiniz.<\/span><\/p>\n<p style=\"text-align: justify;\"><span style=\"font-size: 20px; font-family: 'times new roman', times, serif;\">Fenerbah\u00e7e Bayan Voleybol Tak\u0131m\u0131 Hakk\u0131nda Yak\u0131n\u00a0Tarih Bilgilerini <a href=\"https:\/\/sarimelekler.biz\/?page_id=2420\" target=\"_blank\" rel=\"noopener\">Ayten Salih Berkalp K\u00f6\u015fesi&#8217;nde<\/a> Bulabilirsiniz.<\/span><\/p>\n<p style=\"text-align: justify;\"><span style=\"font-size: 20px; font-family: 'times new roman', times, serif;\">Fenerbah\u00e7e Bayan Voleybol Tak\u0131m\u0131 \u015eampiyonluk ve Derece Bilgilerini <a href=\"https:\/\/sarimelekler.biz\/?page_id=2446\" target=\"_blank\" rel=\"noopener\">Eda Erdem D\u00fcndar K\u00f6\u015fesin&#8217;de<\/a> Bulabilirsiniz.<\/span><\/p>\n","protected":false},"excerpt":{"rendered":"<p>Fenerbah\u00e7e Bayan Voleybol Tak\u0131m\u0131m\u0131z\u0131n Tarih\u00e7esi ve Ba\u015far\u0131lar\u0131 b\u00f6l\u00fcm\u00fc tak\u0131m\u0131m\u0131zda emekleri \u2026 <a class=\"continue-reading-link\" href=\"https:\/\/sarimelekler.biz\/?page_id=2411\">Okumaya Devam Et.. <span class=\"meta-nav\">&rarr; <\/span><\/a><\/p>\n","protected":false},"author":1,"featured_media":0,"parent":0,"menu_order":0,"comment_status":"closed","ping_status":"closed","template":"","meta":{"_mc_calendar":[],"footnotes":""},"class_list":["post-2411","page","type-page","status-publish","hentry"],"jetpack_sharing_enabled":true,"jetpack_shortlink":"https:\/\/wp.me\/P8npUZ-CT","jetpack-related-posts":[{"id":2420,"url":"https:\/\/sarimelekler.biz\/?page_id=2420","url_meta":{"origin":2411,"position":0},"title":"Ayten Salih Berkalp K\u00f6\u015fesi","author":"Edit\u00f6r","date":"12 \u015eubat 2017","format":false,"excerpt":"Dr. Ayten Salih Berkalp \u00a0 Dr. Ayten Salih Berkalp, 1934 \/ Magosa do\u011fumludur. \u0130lkokulu Limasol\u2019da, ortaokulu Lefko\u015fa Victoria Tali K\u0131z Okulu\u2019nda, liseyi \u0130stanbul \u00c7aml\u0131ca K\u0131z Lisesi\u2019nde, \u00fcniversiteyi ise \u0130stanbul T\u0131p Fak\u00fcltesi\u2019nde 1960 y\u0131l\u0131nda tamamlad\u0131. Ayten Salih, T\u00fcrkiye Milli Voleybol Tak\u0131m\u0131\u2019nda yer alan ilk K\u0131br\u0131sl\u0131 T\u00fcrk sporcudur. Fenerbah\u00e7e Spor Kul\u00fcb\u00fc\u2019nde Voleybol\u2026","rel":"","context":"Benzer yaz\u0131","block_context":{"text":"Benzer yaz\u0131","link":""},"img":{"alt_text":"","src":"https:\/\/i0.wp.com\/sarimelekler.biz\/wp-content\/uploads\/2017\/02\/Ayten-Berkalp-2-150x150.jpg?resize=350%2C200&ssl=1","width":350,"height":200,"srcset":"https:\/\/i0.wp.com\/sarimelekler.biz\/wp-content\/uploads\/2017\/02\/Ayten-Berkalp-2-150x150.jpg?resize=350%2C200&ssl=1 1x, https:\/\/i0.wp.com\/sarimelekler.biz\/wp-content\/uploads\/2017\/02\/Ayten-Berkalp-2-150x150.jpg?resize=525%2C300&ssl=1 1.5x, https:\/\/i0.wp.com\/sarimelekler.biz\/wp-content\/uploads\/2017\/02\/Ayten-Berkalp-2-150x150.jpg?resize=700%2C400&ssl=1 2x, https:\/\/i0.wp.com\/sarimelekler.biz\/wp-content\/uploads\/2017\/02\/Ayten-Berkalp-2-150x150.jpg?resize=1050%2C600&ssl=1 3x"},"classes":[]},{"id":2402,"url":"https:\/\/sarimelekler.biz\/?page_id=2402","url_meta":{"origin":2411,"position":1},"title":"Sabiha R\u0131fat K\u00f6\u015fesi","author":"Edit\u00f6r","date":"12 \u015eubat 2017","format":false,"excerpt":"Sabiha R\u0131fat\u00a0G\u00fcrayman \u00a0 T\u00fcrkiye\u2019nin ilk kad\u0131n in\u015faat m\u00fchendisidir. An\u0131tkabir'in in\u015faat\u0131nda 10 y\u0131l boyunca ba\u015fm\u00fchendis olarak g\u00f6rev yapm\u0131\u015ft\u0131r. Fenerbah\u00e7e Spor Kul\u00fcb\u00fc\u2019n\u00fcn ilk kad\u0131n voleybolcusudur. T\u00fcrkiye\u2019de erkek tak\u0131mlarda forma giyen ilk kad\u0131n sporcudur.\u00a0Sayg\u0131yla,\u00a0Rahmetle Ve Minnetle An\u0131yoruz \u00a01910-2003 \u00a0 \u00a0\u00a0 \u00a0 Fenerbah\u00e7e Bayan Voleybol Tak\u0131m\u0131n\u0131n Uzak Tarihi 1920'li y\u0131llar\u0131n ikinci yar\u0131s\u0131nda T\u00fcrkiye'de kad\u0131nlar\u2026","rel":"","context":"Benzer yaz\u0131","block_context":{"text":"Benzer yaz\u0131","link":""},"img":{"alt_text":"","src":"https:\/\/i0.wp.com\/sarimelekler.biz\/wp-content\/uploads\/2017\/02\/sabiha-1-150x150.jpg?resize=350%2C200&ssl=1","width":350,"height":200,"srcset":"https:\/\/i0.wp.com\/sarimelekler.biz\/wp-content\/uploads\/2017\/02\/sabiha-1-150x150.jpg?resize=350%2C200&ssl=1 1x, https:\/\/i0.wp.com\/sarimelekler.biz\/wp-content\/uploads\/2017\/02\/sabiha-1-150x150.jpg?resize=525%2C300&ssl=1 1.5x"},"classes":[]},{"id":7169,"url":"https:\/\/sarimelekler.biz\/?page_id=7169","url_meta":{"origin":2411,"position":2},"title":"Kadro","author":"Edit\u00f6r","date":"30 Ekim 2018","format":false,"excerpt":"2018 \u2013 2019 Fenerbah\u00e7e Bayan Voleybol Tak\u0131m\u0131 Oyuncu ve Teknik Ekip Kadrosu Foto\u011fraf Alb\u00fcm\u00fcd\u00fcr.","rel":"","context":"Benzer yaz\u0131","block_context":{"text":"Benzer yaz\u0131","link":""},"img":{"alt_text":"","src":"https:\/\/i0.wp.com\/sarimelekler.biz\/wp-content\/uploads\/2018\/12\/2-Merve-Dalbeler-18-19-193x300.jpg?resize=350%2C200&ssl=1","width":350,"height":200,"srcset":"https:\/\/i0.wp.com\/sarimelekler.biz\/wp-content\/uploads\/2018\/12\/2-Merve-Dalbeler-18-19-193x300.jpg?resize=350%2C200&ssl=1 1x, https:\/\/i0.wp.com\/sarimelekler.biz\/wp-content\/uploads\/2018\/12\/2-Merve-Dalbeler-18-19-193x300.jpg?resize=525%2C300&ssl=1 1.5x, https:\/\/i0.wp.com\/sarimelekler.biz\/wp-content\/uploads\/2018\/12\/2-Merve-Dalbeler-18-19-193x300.jpg?resize=700%2C400&ssl=1 2x, https:\/\/i0.wp.com\/sarimelekler.biz\/wp-content\/uploads\/2018\/12\/2-Merve-Dalbeler-18-19-193x300.jpg?resize=1050%2C600&ssl=1 3x, https:\/\/i0.wp.com\/sarimelekler.biz\/wp-content\/uploads\/2018\/12\/2-Merve-Dalbeler-18-19-193x300.jpg?resize=1400%2C800&ssl=1 4x"},"classes":[]},{"id":5104,"url":"https:\/\/sarimelekler.biz\/?page_id=5104","url_meta":{"origin":2411,"position":3},"title":"Kadro","author":"Edit\u00f6r","date":"6 Aral\u0131k 2017","format":false,"excerpt":"2017 - 2018 Fenerbah\u00e7e Bayan Voleybol Tak\u0131m\u0131 Oyuncu ve Teknik Ekip Kadrosu Foto\u011fraf Alb\u00fcm\u00fcd\u00fcr. Oyuncular\u0131n Kariyer Bilgileri Foto\u011fraflar\u0131 Alt\u0131nda Bulunmaktad\u0131r. #Sar\u0131Melekler \u00a0","rel":"","context":"Benzer yaz\u0131","block_context":{"text":"Benzer yaz\u0131","link":""},"img":{"alt_text":"","src":"https:\/\/i0.wp.com\/sarimelekler.biz\/wp-content\/uploads\/2017\/12\/2-Merve-Dalbeler-236x300.jpg?resize=350%2C200&ssl=1","width":350,"height":200,"srcset":"https:\/\/i0.wp.com\/sarimelekler.biz\/wp-content\/uploads\/2017\/12\/2-Merve-Dalbeler-236x300.jpg?resize=350%2C200&ssl=1 1x, https:\/\/i0.wp.com\/sarimelekler.biz\/wp-content\/uploads\/2017\/12\/2-Merve-Dalbeler-236x300.jpg?resize=525%2C300&ssl=1 1.5x, https:\/\/i0.wp.com\/sarimelekler.biz\/wp-content\/uploads\/2017\/12\/2-Merve-Dalbeler-236x300.jpg?resize=700%2C400&ssl=1 2x, https:\/\/i0.wp.com\/sarimelekler.biz\/wp-content\/uploads\/2017\/12\/2-Merve-Dalbeler-236x300.jpg?resize=1050%2C600&ssl=1 3x, https:\/\/i0.wp.com\/sarimelekler.biz\/wp-content\/uploads\/2017\/12\/2-Merve-Dalbeler-236x300.jpg?resize=1400%2C800&ssl=1 4x"},"classes":[]},{"id":2240,"url":"https:\/\/sarimelekler.biz\/?page_id=2240","url_meta":{"origin":2411,"position":4},"title":"Kadro","author":"Edit\u00f6r","date":"9 \u015eubat 2017","format":false,"excerpt":"2016 - 2017 Fenerbah\u00e7e Bayan Voleybol Tak\u0131m\u0131 Oyuncu ve Teknik Ekip Kadrosu Foto\u011fraf Alb\u00fcm\u00fcd\u00fcr. Oyuncular\u0131n Kariyer Bilgileri Foto\u011fraflar\u0131 Alt\u0131nda Bulunmaktad\u0131r. #Sar\u0131Melekler","rel":"","context":"Benzer yaz\u0131","block_context":{"text":"Benzer yaz\u0131","link":""},"img":{"alt_text":"","src":"https:\/\/i0.wp.com\/sarimelekler.biz\/wp-content\/uploads\/2017\/02\/2-Merve-Dalbeler-4-150x150.jpg?resize=350%2C200&ssl=1","width":350,"height":200,"srcset":"https:\/\/i0.wp.com\/sarimelekler.biz\/wp-content\/uploads\/2017\/02\/2-Merve-Dalbeler-4-150x150.jpg?resize=350%2C200&ssl=1 1x, https:\/\/i0.wp.com\/sarimelekler.biz\/wp-content\/uploads\/2017\/02\/2-Merve-Dalbeler-4-150x150.jpg?resize=525%2C300&ssl=1 1.5x, https:\/\/i0.wp.com\/sarimelekler.biz\/wp-content\/uploads\/2017\/02\/2-Merve-Dalbeler-4-150x150.jpg?resize=700%2C400&ssl=1 2x, https:\/\/i0.wp.com\/sarimelekler.biz\/wp-content\/uploads\/2017\/02\/2-Merve-Dalbeler-4-150x150.jpg?resize=1050%2C600&ssl=1 3x, https:\/\/i0.wp.com\/sarimelekler.biz\/wp-content\/uploads\/2017\/02\/2-Merve-Dalbeler-4-150x150.jpg?resize=1400%2C800&ssl=1 4x"},"classes":[]},{"id":3063,"url":"https:\/\/sarimelekler.biz\/?page_id=3063","url_meta":{"origin":2411,"position":5},"title":"Salonumuz","author":"Edit\u00f6r","date":"22 \u015eubat 2017","format":false,"excerpt":"Fenerbah\u00e7e Bayan Voleybol Tak\u0131m\u0131m\u0131z 2015-2016 sezonundan itibaren T\u00fcrkiye Ligi, ve T\u00fcrkiye Kupas\u0131 ma\u00e7lar\u0131n\u0131 Fenerbah\u00e7e \u00dclker Sports Arena yan\u0131nda bulunan Metro Enerji Salonu\u2019nda oynamaya ba\u015flam\u0131\u015ft\u0131r. 2500 ki\u015fi kapasiteli (\u015fuan yakla\u015f\u0131k 1000 ki\u015filik koltuk kapasitesi vard\u0131r)\u00a0salonumuzda ayr\u0131ca bayan basketbol ile erkek voleybol tak\u0131m\u0131m\u0131z\u0131n ma\u00e7lar\u0131na da ev sahipli\u011fi yapmaktad\u0131r. \u00d6nceleri parke zeminde oynayan\u2026","rel":"","context":"Benzer yaz\u0131","block_context":{"text":"Benzer yaz\u0131","link":""},"img":{"alt_text":"","src":"https:\/\/i0.wp.com\/sarimelekler.biz\/wp-content\/uploads\/2017\/02\/20170211_124905-150x150.jpg?resize=350%2C200&ssl=1","width":350,"height":200,"srcset":"https:\/\/i0.wp.com\/sarimelekler.biz\/wp-content\/uploads\/2017\/02\/20170211_124905-150x150.jpg?resize=350%2C200&ssl=1 1x, https:\/\/i0.wp.com\/sarimelekler.biz\/wp-content\/uploads\/2017\/02\/20170211_124905-150x150.jpg?resize=525%2C300&ssl=1 1.5x, https:\/\/i0.wp.com\/sarimelekler.biz\/wp-content\/uploads\/2017\/02\/20170211_124905-150x150.jpg?resize=700%2C400&ssl=1 2x, https:\/\/i0.wp.com\/sarimelekler.biz\/wp-content\/uploads\/2017\/02\/20170211_124905-150x150.jpg?resize=1050%2C600&ssl=1 3x, https:\/\/i0.wp.com\/sarimelekler.biz\/wp-content\/uploads\/2017\/02\/20170211_124905-150x150.jpg?resize=1400%2C800&ssl=1 4x"},"classes":[]}],"_links":{"self":[{"href":"https:\/\/sarimelekler.biz\/index.php?rest_route=\/wp\/v2\/pages\/2411","targetHints":{"allow":["GET"]}}],"collection":[{"href":"https:\/\/sarimelekler.biz\/index.php?rest_route=\/wp\/v2\/pages"}],"about":[{"href":"https:\/\/sarimelekler.biz\/index.php?rest_route=\/wp\/v2\/types\/page"}],"author":[{"embeddable":true,"href":"https:\/\/sarimelekler.biz\/index.php?rest_route=\/wp\/v2\/users\/1"}],"replies":[{"embeddable":true,"href":"https:\/\/sarimelekler.biz\/index.php?rest_route=%2Fwp%2Fv2%2Fcomments&post=2411"}],"version-history":[{"count":11,"href":"https:\/\/sarimelekler.biz\/index.php?rest_route=\/wp\/v2\/pages\/2411\/revisions"}],"predecessor-version":[{"id":16115,"href":"https:\/\/sarimelekler.biz\/index.php?rest_route=\/wp\/v2\/pages\/2411\/revisions\/16115"}],"wp:attachment":[{"href":"https:\/\/sarimelekler.biz\/index.php?rest_route=%2Fwp%2Fv2%2Fmedia&parent=2411"}],"curies":[{"name":"wp","href":"https:\/\/api.w.org\/{rel}","templated":true}]}}