{"id":2625,"date":"2017-02-16T20:30:16","date_gmt":"2017-02-16T18:30:16","guid":{"rendered":"http:\/\/sarimelekler.biz\/?page_id=2625"},"modified":"2017-02-16T22:17:06","modified_gmt":"2017-02-16T20:17:06","slug":"fotograf-galerisi","status":"publish","type":"page","link":"https:\/\/sarimelekler.biz\/?page_id=2625","title":{"rendered":"Foto\u011fraf Galerisi"},"content":{"rendered":"<p style=\"text-align: justify;\">Fenerbah\u00e7e Bayan Voleybol Tak\u0131m\u0131m\u0131z ile ilgili ma\u00e7 g\u00f6r\u00fcnt\u00fclerinden olu\u015fan <a href=\"https:\/\/sarimelekler.biz\/?page_id=2627\" target=\"_blank\">foto\u011fraf alb\u00fcm\u00fc<\/a>\u00a0\u00a0ve Oyuncular\u0131m\u0131z\u0131n <a href=\"https:\/\/sarimelekler.biz\/?page_id=2803\" target=\"_blank\">Sosyal Medya<\/a> hesaplar\u0131ndan payla\u015ft\u0131\u011f\u0131 foto\u011fraflar\u0131n alb\u00fcm\u00fcd\u00fcr.<\/p>\n","protected":false},"excerpt":{"rendered":"<p>Fenerbah\u00e7e Bayan Voleybol Tak\u0131m\u0131m\u0131z ile ilgili ma\u00e7 g\u00f6r\u00fcnt\u00fclerinden olu\u015fan foto\u011fraf \u2026 <a class=\"continue-reading-link\" href=\"https:\/\/sarimelekler.biz\/?page_id=2625\">Okumaya Devam Et.. <span class=\"meta-nav\">&rarr; <\/span><\/a><\/p>\n","protected":false},"author":1,"featured_media":0,"parent":2238,"menu_order":4,"comment_status":"closed","ping_status":"closed","template":"","meta":{"_mc_calendar":[],"footnotes":""},"class_list":["post-2625","page","type-page","status-publish","hentry"],"jetpack_sharing_enabled":true,"jetpack_shortlink":"https:\/\/wp.me\/P8npUZ-Gl","jetpack-related-posts":[{"id":2803,"url":"https:\/\/sarimelekler.biz\/?page_id=2803","url_meta":{"origin":2625,"position":0},"title":"Sosyal Medya Foto\u011fraflar\u0131","author":"Edit\u00f6r","date":"16 \u015eubat 2017","format":false,"excerpt":"\u00a0","rel":"","context":"Benzer yaz\u0131","block_context":{"text":"Benzer yaz\u0131","link":""},"img":{"alt_text":"","src":"https:\/\/i0.wp.com\/sarimelekler.biz\/wp-content\/uploads\/2017\/02\/Dicle-9.16-150x150.jpg?resize=350%2C200&ssl=1","width":350,"height":200,"srcset":"https:\/\/i0.wp.com\/sarimelekler.biz\/wp-content\/uploads\/2017\/02\/Dicle-9.16-150x150.jpg?resize=350%2C200&ssl=1 1x, https:\/\/i0.wp.com\/sarimelekler.biz\/wp-content\/uploads\/2017\/02\/Dicle-9.16-150x150.jpg?resize=525%2C300&ssl=1 1.5x, https:\/\/i0.wp.com\/sarimelekler.biz\/wp-content\/uploads\/2017\/02\/Dicle-9.16-150x150.jpg?resize=700%2C400&ssl=1 2x"},"classes":[]},{"id":2627,"url":"https:\/\/sarimelekler.biz\/?page_id=2627","url_meta":{"origin":2625,"position":1},"title":"Se\u00e7me Foto\u011fraflar","author":"Edit\u00f6r","date":"16 \u015eubat 2017","format":false,"excerpt":"Kaynaklar Fenerbah\u00e7e Spor Kul\u00fcb\u00fc Resmi \u0130nternet Sitesi CEV Avrupa Voleybol Federasyonu\u00a0Resmi \u0130nternet Sitesi Oyuncular\u0131m\u0131z\u0131n Twitter ve \u0130nstagram Payla\u015f\u0131mlar\u0131 ile Etiketlenmeleri \u00a0","rel":"","context":"Benzer yaz\u0131","block_context":{"text":"Benzer yaz\u0131","link":""},"img":{"alt_text":"","src":"https:\/\/i0.wp.com\/sarimelekler.biz\/wp-content\/uploads\/2017\/02\/Bahar-150x150.jpg?resize=350%2C200&ssl=1","width":350,"height":200,"srcset":"https:\/\/i0.wp.com\/sarimelekler.biz\/wp-content\/uploads\/2017\/02\/Bahar-150x150.jpg?resize=350%2C200&ssl=1 1x, https:\/\/i0.wp.com\/sarimelekler.biz\/wp-content\/uploads\/2017\/02\/Bahar-150x150.jpg?resize=525%2C300&ssl=1 1.5x, https:\/\/i0.wp.com\/sarimelekler.biz\/wp-content\/uploads\/2017\/02\/Bahar-150x150.jpg?resize=700%2C400&ssl=1 2x, https:\/\/i0.wp.com\/sarimelekler.biz\/wp-content\/uploads\/2017\/02\/Bahar-150x150.jpg?resize=1050%2C600&ssl=1 3x"},"classes":[]},{"id":7169,"url":"https:\/\/sarimelekler.biz\/?page_id=7169","url_meta":{"origin":2625,"position":2},"title":"Kadro","author":"Edit\u00f6r","date":"30 Ekim 2018","format":false,"excerpt":"2018 \u2013 2019 Fenerbah\u00e7e Bayan Voleybol Tak\u0131m\u0131 Oyuncu ve Teknik Ekip Kadrosu Foto\u011fraf Alb\u00fcm\u00fcd\u00fcr.","rel":"","context":"Benzer yaz\u0131","block_context":{"text":"Benzer yaz\u0131","link":""},"img":{"alt_text":"","src":"https:\/\/i0.wp.com\/sarimelekler.biz\/wp-content\/uploads\/2018\/12\/2-Merve-Dalbeler-18-19-193x300.jpg?resize=350%2C200&ssl=1","width":350,"height":200,"srcset":"https:\/\/i0.wp.com\/sarimelekler.biz\/wp-content\/uploads\/2018\/12\/2-Merve-Dalbeler-18-19-193x300.jpg?resize=350%2C200&ssl=1 1x, https:\/\/i0.wp.com\/sarimelekler.biz\/wp-content\/uploads\/2018\/12\/2-Merve-Dalbeler-18-19-193x300.jpg?resize=525%2C300&ssl=1 1.5x, https:\/\/i0.wp.com\/sarimelekler.biz\/wp-content\/uploads\/2018\/12\/2-Merve-Dalbeler-18-19-193x300.jpg?resize=700%2C400&ssl=1 2x, https:\/\/i0.wp.com\/sarimelekler.biz\/wp-content\/uploads\/2018\/12\/2-Merve-Dalbeler-18-19-193x300.jpg?resize=1050%2C600&ssl=1 3x, https:\/\/i0.wp.com\/sarimelekler.biz\/wp-content\/uploads\/2018\/12\/2-Merve-Dalbeler-18-19-193x300.jpg?resize=1400%2C800&ssl=1 4x"},"classes":[]},{"id":2282,"url":"https:\/\/sarimelekler.biz\/?page_id=2282","url_meta":{"origin":2625,"position":3},"title":"T\u00fcrkiye Kupas\u0131 \u015eampiyonlu\u011fu","author":"Edit\u00f6r","date":"12 \u015eubat 2017","format":false,"excerpt":"2016 \u2013 2017 sezonunda T\u00fcrkiye Kupas\u0131 \u201cKupa Voley\u201d ismiyle 15-16-17\/01\/2017 tarihlerinde Ankara Ba\u015fkent Spor Salonu\u2019nda d\u00fczenlenmi\u015ftir. 15.01.2017 g\u00fcn\u00fc Kupa Voley \u00c7eyrek Final Ma\u00e7\u0131nda Sar\u0131yer Belediyesi tak\u0131m\u0131yla kar\u015f\u0131la\u015fan Fenerbah\u00e7e Bayan Voleybol Tak\u0131m\u0131m\u0131z ma\u00e7tan 25-11, 25-17, 25-20\u2019lik set skorlar\u0131yla 3-0 galip ayr\u0131ld\u0131. Ma\u00e7\u0131n en skorer oyuncusu kaydetti\u011fi 16 say\u0131yla Polen Uslupehlivan oldu.\u2026","rel":"","context":"Benzer yaz\u0131","block_context":{"text":"Benzer yaz\u0131","link":""},"img":{"alt_text":"","src":"https:\/\/i0.wp.com\/sarimelekler.biz\/wp-content\/uploads\/2017\/02\/haber_1484503527_15-300x143.jpg?resize=350%2C200&ssl=1","width":350,"height":200,"srcset":"https:\/\/i0.wp.com\/sarimelekler.biz\/wp-content\/uploads\/2017\/02\/haber_1484503527_15-300x143.jpg?resize=350%2C200&ssl=1 1x, https:\/\/i0.wp.com\/sarimelekler.biz\/wp-content\/uploads\/2017\/02\/haber_1484503527_15-300x143.jpg?resize=525%2C300&ssl=1 1.5x, https:\/\/i0.wp.com\/sarimelekler.biz\/wp-content\/uploads\/2017\/02\/haber_1484503527_15-300x143.jpg?resize=700%2C400&ssl=1 2x, https:\/\/i0.wp.com\/sarimelekler.biz\/wp-content\/uploads\/2017\/02\/haber_1484503527_15-300x143.jpg?resize=1050%2C600&ssl=1 3x, https:\/\/i0.wp.com\/sarimelekler.biz\/wp-content\/uploads\/2017\/02\/haber_1484503527_15-300x143.jpg?resize=1400%2C800&ssl=1 4x"},"classes":[]},{"id":5104,"url":"https:\/\/sarimelekler.biz\/?page_id=5104","url_meta":{"origin":2625,"position":4},"title":"Kadro","author":"Edit\u00f6r","date":"6 Aral\u0131k 2017","format":false,"excerpt":"2017 - 2018 Fenerbah\u00e7e Bayan Voleybol Tak\u0131m\u0131 Oyuncu ve Teknik Ekip Kadrosu Foto\u011fraf Alb\u00fcm\u00fcd\u00fcr. Oyuncular\u0131n Kariyer Bilgileri Foto\u011fraflar\u0131 Alt\u0131nda Bulunmaktad\u0131r. #Sar\u0131Melekler \u00a0","rel":"","context":"Benzer yaz\u0131","block_context":{"text":"Benzer yaz\u0131","link":""},"img":{"alt_text":"","src":"https:\/\/i0.wp.com\/sarimelekler.biz\/wp-content\/uploads\/2017\/12\/2-Merve-Dalbeler-236x300.jpg?resize=350%2C200&ssl=1","width":350,"height":200,"srcset":"https:\/\/i0.wp.com\/sarimelekler.biz\/wp-content\/uploads\/2017\/12\/2-Merve-Dalbeler-236x300.jpg?resize=350%2C200&ssl=1 1x, https:\/\/i0.wp.com\/sarimelekler.biz\/wp-content\/uploads\/2017\/12\/2-Merve-Dalbeler-236x300.jpg?resize=525%2C300&ssl=1 1.5x, https:\/\/i0.wp.com\/sarimelekler.biz\/wp-content\/uploads\/2017\/12\/2-Merve-Dalbeler-236x300.jpg?resize=700%2C400&ssl=1 2x, https:\/\/i0.wp.com\/sarimelekler.biz\/wp-content\/uploads\/2017\/12\/2-Merve-Dalbeler-236x300.jpg?resize=1050%2C600&ssl=1 3x, https:\/\/i0.wp.com\/sarimelekler.biz\/wp-content\/uploads\/2017\/12\/2-Merve-Dalbeler-236x300.jpg?resize=1400%2C800&ssl=1 4x"},"classes":[]},{"id":2240,"url":"https:\/\/sarimelekler.biz\/?page_id=2240","url_meta":{"origin":2625,"position":5},"title":"Kadro","author":"Edit\u00f6r","date":"9 \u015eubat 2017","format":false,"excerpt":"2016 - 2017 Fenerbah\u00e7e Bayan Voleybol Tak\u0131m\u0131 Oyuncu ve Teknik Ekip Kadrosu Foto\u011fraf Alb\u00fcm\u00fcd\u00fcr. Oyuncular\u0131n Kariyer Bilgileri Foto\u011fraflar\u0131 Alt\u0131nda Bulunmaktad\u0131r. #Sar\u0131Melekler","rel":"","context":"Benzer yaz\u0131","block_context":{"text":"Benzer yaz\u0131","link":""},"img":{"alt_text":"","src":"https:\/\/i0.wp.com\/sarimelekler.biz\/wp-content\/uploads\/2017\/02\/2-Merve-Dalbeler-4-150x150.jpg?resize=350%2C200&ssl=1","width":350,"height":200,"srcset":"https:\/\/i0.wp.com\/sarimelekler.biz\/wp-content\/uploads\/2017\/02\/2-Merve-Dalbeler-4-150x150.jpg?resize=350%2C200&ssl=1 1x, https:\/\/i0.wp.com\/sarimelekler.biz\/wp-content\/uploads\/2017\/02\/2-Merve-Dalbeler-4-150x150.jpg?resize=525%2C300&ssl=1 1.5x, https:\/\/i0.wp.com\/sarimelekler.biz\/wp-content\/uploads\/2017\/02\/2-Merve-Dalbeler-4-150x150.jpg?resize=700%2C400&ssl=1 2x, https:\/\/i0.wp.com\/sarimelekler.biz\/wp-content\/uploads\/2017\/02\/2-Merve-Dalbeler-4-150x150.jpg?resize=1050%2C600&ssl=1 3x, https:\/\/i0.wp.com\/sarimelekler.biz\/wp-content\/uploads\/2017\/02\/2-Merve-Dalbeler-4-150x150.jpg?resize=1400%2C800&ssl=1 4x"},"classes":[]}],"_links":{"self":[{"href":"https:\/\/sarimelekler.biz\/index.php?rest_route=\/wp\/v2\/pages\/2625","targetHints":{"allow":["GET"]}}],"collection":[{"href":"https:\/\/sarimelekler.biz\/index.php?rest_route=\/wp\/v2\/pages"}],"about":[{"href":"https:\/\/sarimelekler.biz\/index.php?rest_route=\/wp\/v2\/types\/page"}],"author":[{"embeddable":true,"href":"https:\/\/sarimelekler.biz\/index.php?rest_route=\/wp\/v2\/users\/1"}],"replies":[{"embeddable":true,"href":"https:\/\/sarimelekler.biz\/index.php?rest_route=%2Fwp%2Fv2%2Fcomments&post=2625"}],"version-history":[{"count":3,"href":"https:\/\/sarimelekler.biz\/index.php?rest_route=\/wp\/v2\/pages\/2625\/revisions"}],"predecessor-version":[{"id":2846,"href":"https:\/\/sarimelekler.biz\/index.php?rest_route=\/wp\/v2\/pages\/2625\/revisions\/2846"}],"up":[{"embeddable":true,"href":"https:\/\/sarimelekler.biz\/index.php?rest_route=\/wp\/v2\/pages\/2238"}],"wp:attachment":[{"href":"https:\/\/sarimelekler.biz\/index.php?rest_route=%2Fwp%2Fv2%2Fmedia&parent=2625"}],"curies":[{"name":"wp","href":"https:\/\/api.w.org\/{rel}","templated":true}]}}