{"id":7167,"date":"2018-10-30T22:35:16","date_gmt":"2018-10-30T20:35:16","guid":{"rendered":"http:\/\/sarimelekler.biz\/?page_id=7167"},"modified":"2020-08-24T23:10:30","modified_gmt":"2020-08-24T20:10:30","slug":"2018-2019","status":"publish","type":"page","link":"https:\/\/sarimelekler.biz\/?page_id=7167","title":{"rendered":"2018-2019"},"content":{"rendered":"<p><strong>Bu sezon ile ilgili sitemizde bulabilece\u011finiz linkler:<\/strong><br \/>\n<a href=\"https:\/\/sarimelekler.biz\/?page_id=7169\" target=\"_blank\" rel=\"noopener noreferrer\">Kadro<\/a><br \/>\n<a href=\"https:\/\/sarimelekler.biz\/?page_id=7347\" target=\"_blank\" rel=\"noopener noreferrer\">Vestel Ven\u00fcs Sultanlar Ligi<\/a><br \/>\n<a href=\"https:\/\/sarimelekler.biz\/?page_id=7498\" target=\"_blank\" rel=\"noopener noreferrer\">Cev \u015eampiyonlar Ligi<\/a><br \/>\n<a href=\"https:\/\/sarimelekler.biz\/?page_id=7553\" target=\"_blank\" rel=\"noopener noreferrer\">T\u00fcrkiye Kupas\u0131 (Kupa Voley)<\/a><\/p>\n","protected":false},"excerpt":{"rendered":"<p>Bu sezon ile ilgili sitemizde bulabilece\u011finiz linkler: Kadro Vestel Ven\u00fcs \u2026 <a class=\"continue-reading-link\" href=\"https:\/\/sarimelekler.biz\/?page_id=7167\">Okumaya Devam Et.. <span class=\"meta-nav\">&rarr; <\/span><\/a><\/p>\n","protected":false},"author":1,"featured_media":0,"parent":6,"menu_order":0,"comment_status":"closed","ping_status":"closed","template":"","meta":{"_mc_calendar":[],"footnotes":""},"class_list":["post-7167","page","type-page","status-publish","hentry"],"jetpack_sharing_enabled":true,"jetpack_shortlink":"https:\/\/wp.me\/P8npUZ-1RB","jetpack-related-posts":[{"id":13759,"url":"https:\/\/sarimelekler.biz\/?page_id=13759","url_meta":{"origin":7167,"position":0},"title":"\u015eampiyonlar Ligi","author":"Edit\u00f6r","date":"24 A\u011fustos 2020","format":false,"excerpt":"","rel":"","context":"Benzer yaz\u0131","block_context":{"text":"Benzer yaz\u0131","link":""},"img":{"alt_text":"","src":"","width":0,"height":0},"classes":[]},{"id":1973,"url":"https:\/\/sarimelekler.biz\/?page_id=1973","url_meta":{"origin":7167,"position":1},"title":"T\u00fcrkiye Ligi \u015eampiyonlu\u011fu","author":"Edit\u00f6r","date":"9 \u015eubat 2017","format":false,"excerpt":"","rel":"","context":"Benzer yaz\u0131","block_context":{"text":"Benzer yaz\u0131","link":""},"img":{"alt_text":"","src":"","width":0,"height":0},"classes":[]},{"id":620,"url":"https:\/\/sarimelekler.biz\/?page_id=620","url_meta":{"origin":7167,"position":2},"title":"T\u00fcrkiye Ligi G\u00fcm\u00fc\u015f Madalya","author":"Edit\u00f6r","date":"6 \u015eubat 2017","format":false,"excerpt":"","rel":"","context":"Benzer yaz\u0131","block_context":{"text":"Benzer yaz\u0131","link":""},"img":{"alt_text":"","src":"","width":0,"height":0},"classes":[]},{"id":1659,"url":"https:\/\/sarimelekler.biz\/?page_id=1659","url_meta":{"origin":7167,"position":3},"title":"T\u00fcrkiye Ligi G\u00fcm\u00fc\u015f Madalya","author":"Edit\u00f6r","date":"8 \u015eubat 2017","format":false,"excerpt":"","rel":"","context":"Benzer yaz\u0131","block_context":{"text":"Benzer yaz\u0131","link":""},"img":{"alt_text":"","src":"","width":0,"height":0},"classes":[]},{"id":622,"url":"https:\/\/sarimelekler.biz\/?page_id=622","url_meta":{"origin":7167,"position":4},"title":"\u015eampiyonlar Ligi Kupas\u0131 Bronz Madalya","author":"Edit\u00f6r","date":"6 \u015eubat 2017","format":false,"excerpt":"","rel":"","context":"Benzer yaz\u0131","block_context":{"text":"Benzer yaz\u0131","link":""},"img":{"alt_text":"","src":"","width":0,"height":0},"classes":[]},{"id":2561,"url":"https:\/\/sarimelekler.biz\/?page_id=2561","url_meta":{"origin":7167,"position":5},"title":"\u015eampiyonlar Ligi","author":"Edit\u00f6r","date":"15 \u015eubat 2017","format":false,"excerpt":"CEV \u015eAMP\u0130YONLAR L\u0130G\u0130 \u00a0 2017 Cev \u015eampiyonlar ligini Fenerbah\u00e7e Bayan Voleybol tak\u0131m\u0131m\u0131z 2015 \u2013 2016 sezonunu T\u00fcrkiye Ligini ikinci s\u0131rada bitirdi\u011fi i\u00e7in \u00f6n eleme oynamadan direk kat\u0131ld\u0131. \u015eampiyonlar liginde Fenerbah\u00e7emiz Azerbaycan\u2019\u0131n \u201cAzerrail BAK\u00dc\u201d, Fransa\u2019n\u0131n \u201cST-RAPHA\u00cbL Var VB\u201d ve Polonya\u2019n\u0131n \u201cTauron MKS D\u0104BROWA G\u00d3RNICZA\u201d tak\u0131lar\u0131yla C grubunda e\u015fle\u015fti. CEV \u015eampiyonlar Ligi\u2019nde\u2026","rel":"","context":"Benzer yaz\u0131","block_context":{"text":"Benzer yaz\u0131","link":""},"img":{"alt_text":"","src":"https:\/\/i0.wp.com\/sarimelekler.biz\/wp-content\/uploads\/2017\/02\/CkzPqtsB-150x150.jpg?resize=350%2C200&ssl=1","width":350,"height":200},"classes":[]}],"_links":{"self":[{"href":"https:\/\/sarimelekler.biz\/index.php?rest_route=\/wp\/v2\/pages\/7167","targetHints":{"allow":["GET"]}}],"collection":[{"href":"https:\/\/sarimelekler.biz\/index.php?rest_route=\/wp\/v2\/pages"}],"about":[{"href":"https:\/\/sarimelekler.biz\/index.php?rest_route=\/wp\/v2\/types\/page"}],"author":[{"embeddable":true,"href":"https:\/\/sarimelekler.biz\/index.php?rest_route=\/wp\/v2\/users\/1"}],"replies":[{"embeddable":true,"href":"https:\/\/sarimelekler.biz\/index.php?rest_route=%2Fwp%2Fv2%2Fcomments&post=7167"}],"version-history":[{"count":5,"href":"https:\/\/sarimelekler.biz\/index.php?rest_route=\/wp\/v2\/pages\/7167\/revisions"}],"predecessor-version":[{"id":13741,"href":"https:\/\/sarimelekler.biz\/index.php?rest_route=\/wp\/v2\/pages\/7167\/revisions\/13741"}],"up":[{"embeddable":true,"href":"https:\/\/sarimelekler.biz\/index.php?rest_route=\/wp\/v2\/pages\/6"}],"wp:attachment":[{"href":"https:\/\/sarimelekler.biz\/index.php?rest_route=%2Fwp%2Fv2%2Fmedia&parent=7167"}],"curies":[{"name":"wp","href":"https:\/\/api.w.org\/{rel}","templated":true}]}}